{"id":328,"date":"2017-06-15T16:32:28","date_gmt":"2017-06-15T14:32:28","guid":{"rendered":"http:\/\/aestudisreusencs.centrelectura.cat\/info\/?post_type=portfolio&#038;p=328"},"modified":"2022-04-27T17:13:36","modified_gmt":"2022-04-27T15:13:36","slug":"volum-134-josep-maria-arnavat-vilaro-1917-1976-obra-poetica-2017","status":"publish","type":"portfolio","link":"https:\/\/aestudisreusencs.centrelectura.cat\/info\/portfolio-item\/volum-134-josep-maria-arnavat-vilaro-1917-1976-obra-poetica-2017\/","title":{"rendered":"Volum 134 Josep Maria Arnavat Vilar\u00f3 (1917-1976) Obra po\u00e8tica. 2017"},"content":{"rendered":"\n<style type=\"text\/css\" data-created_by=\"avia_inline_auto\" id=\"style-css-av-av_one_half-352b07ef7d3bc99b2e9f92e7a9e06bdb\">\n.flex_column.av-av_one_half-352b07ef7d3bc99b2e9f92e7a9e06bdb{\nborder-radius:0px 0px 0px 0px;\npadding:0px 0px 0px 0px;\n}\n<\/style>\n<div  class='flex_column av-av_one_half-352b07ef7d3bc99b2e9f92e7a9e06bdb av_one_half  avia-builder-el-0  el_before_av_one_half  avia-builder-el-first  first flex_column_div av-zero-column-padding  '     ><p>\n<style type=\"text\/css\" data-created_by=\"avia_inline_auto\" id=\"style-css-av-av_heading-a3a0ba378125d03040c8e1fd7b4c775c\">\n#top .av-special-heading.av-av_heading-a3a0ba378125d03040c8e1fd7b4c775c{\npadding-bottom:10px;\n}\nbody .av-special-heading.av-av_heading-a3a0ba378125d03040c8e1fd7b4c775c .av-special-heading-tag .heading-char{\nfont-size:25px;\n}\n.av-special-heading.av-av_heading-a3a0ba378125d03040c8e1fd7b4c775c .av-subheading{\nfont-size:15px;\n}\n<\/style>\n<div  class='av-special-heading av-av_heading-a3a0ba378125d03040c8e1fd7b4c775c av-special-heading-h3  avia-builder-el-1  el_before_av_textblock  avia-builder-el-first '><h3 class='av-special-heading-tag '  itemprop=\"headline\"  >L\u2019Autor<\/h3><div class=\"special-heading-border\"><div class=\"special-heading-inner-border\"><\/div><\/div><\/div><br \/>\n<section  class='av_textblock_section av-av_textblock-0366cc7376be6c9e82a3e9cc8987b64f '   itemscope=\"itemscope\" itemtype=\"https:\/\/schema.org\/CreativeWork\" ><div class='avia_textblock'  itemprop=\"text\" ><p>Josep M.Arnavat i Vilar\u00f3 va n\u00e9ixer a Reus el 24 d\u2019octubre de 1917. Fill d\u2019una nissaga\u00a0de ferrers, va seguir els estudis primaris, en una \u00e8poca en que fer estudis superiors, i\u00a0fins i tot de batxillerat, era inassolible per a la majoria dels fills de les fam\u00edlies menestrals.<\/p>\n<p>Acabada la guerra civil, als anys quaranta particip\u00e0 en les classes de catal\u00e0 que\u00a0impartia Teresa Miquel i P\u00e0mies, i comen\u00e7\u00e0 a escriure els primers poemes, que recoll\u00ed\u00a0en el llibre GAMMA, editat per compte de l\u2019autor, el 1946, amb la imprescindible col\u00b7laboraci\u00f3 dels impressors Joan i Pelegr\u00ed Ferrando i amb il\u00b7lustracions de Pere Calder\u00f3.<\/p>\n<p>Aquest fou el primer llibre en catal\u00e0 que es public\u00e0 a Reus despr\u00e9s de la guerra.<\/p>\n<p>Al llarg de la seva vida, Arnavat no deix\u00e0 d\u2019escriure poemes i d\u2019anar-los donant a\u00a0con\u00e8ixer en diversos reculls, a la vegada que participava en la vida intel\u00b7lectual de la\u00a0ciutat. Quan es reobr\u00ed el Centre de Lectura, el 1948, Arnavat fou vocal de la secci\u00f3 de\u00a0Lletres i, junt amb altres, prengu\u00e9 part activa en moltes iniciatives en pro d\u2019una cultura\u00a0catalana silenciada i perseguida.<\/p>\n<p>Especialment valorat com a poeta, Arnavat mor\u00ed amb nom\u00e9s 59 anys el 1976. El seu\u00a0darrer llibre de poemes, publicat a partir dels originals que deix\u00e0, fou editat el 1986.<\/p>\n<p>El conjunt de la seva obra po\u00e8tica \u00e9s avui dif\u00edcil de trobar, pels anys passats des de la\u00a0seva edici\u00f3 i sobretot si es t\u00e9 en compte la curta tirada dels seus llibres.<\/p>\n<p>Amb motiu del centenari del seu naixement, l\u2019Associaci\u00f3 d\u2019Estudis Reusencs, ha volgut\u00a0fer-se c\u00e0rrec de la seva reedici\u00f3, per tal de posar l\u2019abast l\u2019obra d\u2019un poeta que\u00a0mereix ser preservada i divulgada.<\/p>\n<\/div><\/section><\/p><\/div>\n\n<style type=\"text\/css\" data-created_by=\"avia_inline_auto\" id=\"style-css-av-av_one_half-2a64de42b738552fe666ca889af77e28\">\n.flex_column.av-av_one_half-2a64de42b738552fe666ca889af77e28{\nborder-radius:0px 0px 0px 0px;\npadding:0px 0px 0px 0px;\n}\n<\/style>\n<div  class='flex_column av-av_one_half-2a64de42b738552fe666ca889af77e28 av_one_half  avia-builder-el-3  el_after_av_one_half  avia-builder-el-last  flex_column_div av-zero-column-padding  '     ><p>\n<style type=\"text\/css\" data-created_by=\"avia_inline_auto\" id=\"style-css-av-av_heading-d5f87b173139e45bdc740ab0d1af436c\">\n#top .av-special-heading.av-av_heading-d5f87b173139e45bdc740ab0d1af436c{\npadding-bottom:10px;\n}\nbody .av-special-heading.av-av_heading-d5f87b173139e45bdc740ab0d1af436c .av-special-heading-tag .heading-char{\nfont-size:25px;\n}\n.av-special-heading.av-av_heading-d5f87b173139e45bdc740ab0d1af436c .av-subheading{\nfont-size:15px;\n}\n<\/style>\n<div  class='av-special-heading av-av_heading-d5f87b173139e45bdc740ab0d1af436c av-special-heading-h3  avia-builder-el-4  el_before_av_textblock  avia-builder-el-first '><h3 class='av-special-heading-tag '  itemprop=\"headline\"  >Sinopsi<\/h3><div class=\"special-heading-border\"><div class=\"special-heading-inner-border\"><\/div><\/div><\/div><br \/>\n<section  class='av_textblock_section av-av_textblock-0366cc7376be6c9e82a3e9cc8987b64f '   itemscope=\"itemscope\" itemtype=\"https:\/\/schema.org\/CreativeWork\" ><div class='avia_textblock'  itemprop=\"text\" ><p>Rebutjada d\u2019entrada, a causa de la seva heterogene\u00eftat, la publicaci\u00f3 en facs\u00edmil de\u00a0l\u2019obra po\u00e8tica de Josep M. Arnavat, calia establir els criteris a seguir per a la seva\u00a0l\u2019edici\u00f3.<\/p>\n<p>Els llibres GAMMA (1946), DESFENT SILENCIS (1950), ELS SET PECATS CAPITALS\u00a0(1963), NO US DONO EL BRA\u00c7 A T\u00d2RCER (1976) i POESIA IN\u00c8DITA\u00a0(1986), s\u00f3n reculls de poemes in\u00e8dits.<\/p>\n<p>En canvi, DECLARO PERTOT I ENLLOC (1963), \u00e9s un llibre la gran majoria de\u00a0poemes del qual ja havien estat publicats anteriorment a 6 POEMES DEL SOMNI\u00a0I DEL TURMENT (1957) i 6 POEMES DEL VENT I DEL MEU POBLE (1958).<\/p>\n<p>Tamb\u00e9 d\u2019altres s\u2019havien donat a con\u00e8ixer en les antologies de poesia reusenca aparegudes\u00a0entre els anys 1957 i 1961. La transcripci\u00f3 de DECLARO PERTOT I ENLLOC\u00a0\u00e9s la que s\u2019ha adoptat per al present llibre, ja que inclou tots els poemes de les altres\u00a0edicions anteriors.<\/p>\n<p>El llibre D\u2019UN NADAL A L\u2019ALTRE, del qual es feu una primera edici\u00f3 el 1972 i una\u00a0segona (p\u00f2stuma) el 1977, \u00e9s la recopilaci\u00f3 de les nadales que l\u2019autor cada any feia\u00a0arribar als seus parents, amics i coneguts, impreses i amb una il\u00b7lustraci\u00f3 (a vegades\u00a0acolorida a m\u00e0) d\u2019un artista reusenc, entre els anys 1955 i 1969. Una d\u2019aquestes nadales\u00a0(la del 1956) tamb\u00e9 es recoll\u00ed en 6 POEMES DEL VENT I DEL MEU POBLE.<\/p>\n<p>Finalment, s\u2019han incl\u00f2s els poemes solts que no formaren part de cap dels reculls\u00a0publicats en forma de llibre.<\/p>\n<p>Tamb\u00e9, per a la present edici\u00f3 s\u2019han escollit algunes de les il\u00b7lustracions que al seu dia\u00a0acompanyaren les obres de Josep M. Arnavat.<\/p>\n<\/div><\/section><\/p><\/div>\n","protected":false},"excerpt":{"rendered":"","protected":false},"author":1,"featured_media":329,"comment_status":"open","ping_status":"closed","template":"","meta":{"footnotes":""},"tags":[],"portfolio_entries":[3],"class_list":["post-328","portfolio","type-portfolio","status-publish","has-post-thumbnail","hentry","portfolio_entries-llibres"],"_links":{"self":[{"href":"https:\/\/aestudisreusencs.centrelectura.cat\/info\/wp-json\/wp\/v2\/portfolio\/328","targetHints":{"allow":["GET"]}}],"collection":[{"href":"https:\/\/aestudisreusencs.centrelectura.cat\/info\/wp-json\/wp\/v2\/portfolio"}],"about":[{"href":"https:\/\/aestudisreusencs.centrelectura.cat\/info\/wp-json\/wp\/v2\/types\/portfolio"}],"author":[{"embeddable":true,"href":"https:\/\/aestudisreusencs.centrelectura.cat\/info\/wp-json\/wp\/v2\/users\/1"}],"replies":[{"embeddable":true,"href":"https:\/\/aestudisreusencs.centrelectura.cat\/info\/wp-json\/wp\/v2\/comments?post=328"}],"version-history":[{"count":1,"href":"https:\/\/aestudisreusencs.centrelectura.cat\/info\/wp-json\/wp\/v2\/portfolio\/328\/revisions"}],"predecessor-version":[{"id":374,"href":"https:\/\/aestudisreusencs.centrelectura.cat\/info\/wp-json\/wp\/v2\/portfolio\/328\/revisions\/374"}],"wp:featuredmedia":[{"embeddable":true,"href":"https:\/\/aestudisreusencs.centrelectura.cat\/info\/wp-json\/wp\/v2\/media\/329"}],"wp:attachment":[{"href":"https:\/\/aestudisreusencs.centrelectura.cat\/info\/wp-json\/wp\/v2\/media?parent=328"}],"wp:term":[{"taxonomy":"post_tag","embeddable":true,"href":"https:\/\/aestudisreusencs.centrelectura.cat\/info\/wp-json\/wp\/v2\/tags?post=328"},{"taxonomy":"portfolio_entries","embeddable":true,"href":"https:\/\/aestudisreusencs.centrelectura.cat\/info\/wp-json\/wp\/v2\/portfolio_entries?post=328"}],"curies":[{"name":"wp","href":"https:\/\/api.w.org\/{rel}","templated":true}]}}

Volum 134 Josep Maria Arnavat Vilaró (1917-1976) Obra poètica. 2017

<style type="text/css" data-created_by="avia_inline_auto" id="style-css-av-av_one_half-352b07ef7d3bc99b2e9f92e7a9e06bdb">
.flex_column.av-av_one_half-352b07ef7d3bc99b2e9f92e7a9e06bdb{
border-radius:0px 0px 0px 0px;
padding:0px 0px 0px 0px;
}
</style>
<div  class='flex_column av-av_one_half-352b07ef7d3bc99b2e9f92e7a9e06bdb av_one_half  avia-builder-el-0  el_before_av_one_half  avia-builder-el-first  first flex_column_div av-zero-column-padding  '     ><p>
<style type="text/css" data-created_by="avia_inline_auto" id="style-css-av-av_heading-a3a0ba378125d03040c8e1fd7b4c775c">
#top .av-special-heading.av-av_heading-a3a0ba378125d03040c8e1fd7b4c775c{
padding-bottom:10px;
}
body .av-special-heading.av-av_heading-a3a0ba378125d03040c8e1fd7b4c775c .av-special-heading-tag .heading-char{
font-size:25px;
}
.av-special-heading.av-av_heading-a3a0ba378125d03040c8e1fd7b4c775c .av-subheading{
font-size:15px;
}
</style>
<div  class='av-special-heading av-av_heading-a3a0ba378125d03040c8e1fd7b4c775c av-special-heading-h3  avia-builder-el-1  el_before_av_textblock  avia-builder-el-first '><h3 class='av-special-heading-tag '  itemprop="headline"  >L’Autor</h3><div class="special-heading-border"><div class="special-heading-inner-border"></div></div></div><br />
<section  class='av_textblock_section av-av_textblock-0366cc7376be6c9e82a3e9cc8987b64f '   itemscope="itemscope" itemtype="https://schema.org/CreativeWork" ><div class='avia_textblock'  itemprop="text" ><p>Josep M.Arnavat i Vilaró va néixer a Reus el 24 d’octubre de 1917. Fill d’una nissaga de ferrers, va seguir els estudis primaris, en una època en que fer estudis superiors, i fins i tot de batxillerat, era inassolible per a la majoria dels fills de les famílies menestrals.</p>
<p>Acabada la guerra civil, als anys quaranta participà en les classes de català que impartia Teresa Miquel i Pàmies, i començà a escriure els primers poemes, que recollí en el llibre GAMMA, editat per compte de l’autor, el 1946, amb la imprescindible col·laboració dels impressors Joan i Pelegrí Ferrando i amb il·lustracions de Pere Calderó.</p>
<p>Aquest fou el primer llibre en català que es publicà a Reus després de la guerra.</p>
<p>Al llarg de la seva vida, Arnavat no deixà d’escriure poemes i d’anar-los donant a conèixer en diversos reculls, a la vegada que participava en la vida intel·lectual de la ciutat. Quan es reobrí el Centre de Lectura, el 1948, Arnavat fou vocal de la secció de Lletres i, junt amb altres, prengué part activa en moltes iniciatives en pro d’una cultura catalana silenciada i perseguida.</p>
<p>Especialment valorat com a poeta, Arnavat morí amb només 59 anys el 1976. El seu darrer llibre de poemes, publicat a partir dels originals que deixà, fou editat el 1986.</p>
<p>El conjunt de la seva obra poètica és avui difícil de trobar, pels anys passats des de la seva edició i sobretot si es té en compte la curta tirada dels seus llibres.</p>
<p>Amb motiu del centenari del seu naixement, l’Associació d’Estudis Reusencs, ha volgut fer-se càrrec de la seva reedició, per tal de posar l’abast l’obra d’un poeta que mereix ser preservada i divulgada.</p>
</div></section></p></div>

<style type="text/css" data-created_by="avia_inline_auto" id="style-css-av-av_one_half-2a64de42b738552fe666ca889af77e28">
.flex_column.av-av_one_half-2a64de42b738552fe666ca889af77e28{
border-radius:0px 0px 0px 0px;
padding:0px 0px 0px 0px;
}
</style>
<div  class='flex_column av-av_one_half-2a64de42b738552fe666ca889af77e28 av_one_half  avia-builder-el-3  el_after_av_one_half  avia-builder-el-last  flex_column_div av-zero-column-padding  '     ><p>
<style type="text/css" data-created_by="avia_inline_auto" id="style-css-av-av_heading-d5f87b173139e45bdc740ab0d1af436c">
#top .av-special-heading.av-av_heading-d5f87b173139e45bdc740ab0d1af436c{
padding-bottom:10px;
}
body .av-special-heading.av-av_heading-d5f87b173139e45bdc740ab0d1af436c .av-special-heading-tag .heading-char{
font-size:25px;
}
.av-special-heading.av-av_heading-d5f87b173139e45bdc740ab0d1af436c .av-subheading{
font-size:15px;
}
</style>
<div  class='av-special-heading av-av_heading-d5f87b173139e45bdc740ab0d1af436c av-special-heading-h3  avia-builder-el-4  el_before_av_textblock  avia-builder-el-first '><h3 class='av-special-heading-tag '  itemprop="headline"  >Sinopsi</h3><div class="special-heading-border"><div class="special-heading-inner-border"></div></div></div><br />
<section  class='av_textblock_section av-av_textblock-0366cc7376be6c9e82a3e9cc8987b64f '   itemscope="itemscope" itemtype="https://schema.org/CreativeWork" ><div class='avia_textblock'  itemprop="text" ><p>Rebutjada d’entrada, a causa de la seva heterogeneïtat, la publicació en facsímil de l’obra poètica de Josep M. Arnavat, calia establir els criteris a seguir per a la seva l’edició.</p>
<p>Els llibres GAMMA (1946), DESFENT SILENCIS (1950), ELS SET PECATS CAPITALS (1963), NO US DONO EL BRAÇ A TÒRCER (1976) i POESIA INÈDITA (1986), són reculls de poemes inèdits.</p>
<p>En canvi, DECLARO PERTOT I ENLLOC (1963), és un llibre la gran majoria de poemes del qual ja havien estat publicats anteriorment a 6 POEMES DEL SOMNI I DEL TURMENT (1957) i 6 POEMES DEL VENT I DEL MEU POBLE (1958).</p>
<p>També d’altres s’havien donat a conèixer en les antologies de poesia reusenca aparegudes entre els anys 1957 i 1961. La transcripció de DECLARO PERTOT I ENLLOC és la que s’ha adoptat per al present llibre, ja que inclou tots els poemes de les altres edicions anteriors.</p>
<p>El llibre D’UN NADAL A L’ALTRE, del qual es feu una primera edició el 1972 i una segona (pòstuma) el 1977, és la recopilació de les nadales que l’autor cada any feia arribar als seus parents, amics i coneguts, impreses i amb una il·lustració (a vegades acolorida a mà) d’un artista reusenc, entre els anys 1955 i 1969. Una d’aquestes nadales (la del 1956) també es recollí en 6 POEMES DEL VENT I DEL MEU POBLE.</p>
<p>Finalment, s’han inclòs els poemes solts que no formaren part de cap dels reculls publicats en forma de llibre.</p>
<p>També, per a la present edició s’han escollit algunes de les il·lustracions que al seu dia acompanyaren les obres de Josep M. Arnavat.</p>
</div></section></p></div>
