{"id":370,"date":"2022-04-27T17:06:50","date_gmt":"2022-04-27T15:06:50","guid":{"rendered":"http:\/\/aestudisreusencs.centrelectura.cat\/info\/?post_type=portfolio&#038;p=370"},"modified":"2022-04-27T17:06:50","modified_gmt":"2022-04-27T15:06:50","slug":"volum-135-alguns-noms-dalforja-i-del-baix-camp-miquel-s-jassans-2021","status":"publish","type":"portfolio","link":"https:\/\/aestudisreusencs.centrelectura.cat\/info\/portfolio-item\/volum-135-alguns-noms-dalforja-i-del-baix-camp-miquel-s-jassans-2021\/","title":{"rendered":"Volum 135. Alguns noms d\u2019Alforja i del Baix Camp. Miquel S. Jassans. 2021"},"content":{"rendered":"\n<style type=\"text\/css\" data-created_by=\"avia_inline_auto\" id=\"style-css-av-av_one_half-352b07ef7d3bc99b2e9f92e7a9e06bdb\">\n.flex_column.av-av_one_half-352b07ef7d3bc99b2e9f92e7a9e06bdb{\nborder-radius:0px 0px 0px 0px;\npadding:0px 0px 0px 0px;\n}\n<\/style>\n<div  class='flex_column av-av_one_half-352b07ef7d3bc99b2e9f92e7a9e06bdb av_one_half  avia-builder-el-0  el_before_av_one_half  avia-builder-el-first  first flex_column_div av-zero-column-padding  '     ><p>\n<style type=\"text\/css\" data-created_by=\"avia_inline_auto\" id=\"style-css-av-av_heading-a3a0ba378125d03040c8e1fd7b4c775c\">\n#top .av-special-heading.av-av_heading-a3a0ba378125d03040c8e1fd7b4c775c{\npadding-bottom:10px;\n}\nbody .av-special-heading.av-av_heading-a3a0ba378125d03040c8e1fd7b4c775c .av-special-heading-tag .heading-char{\nfont-size:25px;\n}\n.av-special-heading.av-av_heading-a3a0ba378125d03040c8e1fd7b4c775c .av-subheading{\nfont-size:15px;\n}\n<\/style>\n<div  class='av-special-heading av-av_heading-a3a0ba378125d03040c8e1fd7b4c775c av-special-heading-h3  avia-builder-el-1  el_before_av_textblock  avia-builder-el-first '><h3 class='av-special-heading-tag '  itemprop=\"headline\"  >L\u2019Autor<\/h3><div class=\"special-heading-border\"><div class=\"special-heading-inner-border\"><\/div><\/div><\/div><br \/>\n<section  class='av_textblock_section av-av_textblock-0366cc7376be6c9e82a3e9cc8987b64f '   itemscope=\"itemscope\" itemtype=\"https:\/\/schema.org\/CreativeWork\" ><div class='avia_textblock'  itemprop=\"text\" ><p><strong>Miquel Salvad\u00f3 Jassans<\/strong> (Alforja, 1937) \u00e9s diplomat en Arqueologia Hisp\u00e0nica, llicenciat en Belles Arts per la Universitat de Barcelona i soci d&#8217;honor de la Societat d&#8217;Onom\u00e0stica.\u00a0 Cofundador del grup de teatre &#8216;Els Passerells&#8217;, de l&#8217;Ateneu Cultural Josep Taverna d&#8217;Alforja i de la revista d&#8217;opini\u00f3 Vent de Ser\u00e8.<\/p>\n<p>Artista pintor i professor d&#8217;Art, ha exposat en diverses ciutats de Catalunya, Fran\u00e7a i Alemanya.<\/p>\n<p>Ha publicat: Ordinacions del 1573 de la vila de Rasquera (1984), Topon\u00edmia de Rasquera (1988), Noms de lloc i de persona d&#8217;Alforja i Cortiella (primera versi\u00f3, 1991), Onom\u00e0stica de Poboleda (1998), El secret dels pergamins c\u00e0tars (2003), Onom\u00e0stica de Colldejou (2003), Diari d&#8217;un artista (2007), Onom\u00e0stica de Duesaig\u00fces i el seu terme (2008), Retorn a Sefarad (2010), Can\u00e7\u00f3 de bressol per a l&#8217;Abril (amb Ekaterina Katcheff, 2014), Onom\u00e0stica de Valls i els seus agregats de Fontscaldes, Masmulets i Picamoixons (amb Mois\u00e9s Selfa, 2015) i Virak el neandertal (2018).<\/p>\n<\/div><\/section><\/p><\/div>\n<style type=\"text\/css\" data-created_by=\"avia_inline_auto\" id=\"style-css-av-av_one_half-2a64de42b738552fe666ca889af77e28\">\n.flex_column.av-av_one_half-2a64de42b738552fe666ca889af77e28{\nborder-radius:0px 0px 0px 0px;\npadding:0px 0px 0px 0px;\n}\n<\/style>\n<div  class='flex_column av-av_one_half-2a64de42b738552fe666ca889af77e28 av_one_half  avia-builder-el-3  el_after_av_one_half  avia-builder-el-last  flex_column_div av-zero-column-padding  '     ><p>\n<style type=\"text\/css\" data-created_by=\"avia_inline_auto\" id=\"style-css-av-av_heading-d5f87b173139e45bdc740ab0d1af436c\">\n#top .av-special-heading.av-av_heading-d5f87b173139e45bdc740ab0d1af436c{\npadding-bottom:10px;\n}\nbody .av-special-heading.av-av_heading-d5f87b173139e45bdc740ab0d1af436c .av-special-heading-tag .heading-char{\nfont-size:25px;\n}\n.av-special-heading.av-av_heading-d5f87b173139e45bdc740ab0d1af436c .av-subheading{\nfont-size:15px;\n}\n<\/style>\n<div  class='av-special-heading av-av_heading-d5f87b173139e45bdc740ab0d1af436c av-special-heading-h3  avia-builder-el-4  el_before_av_textblock  avia-builder-el-first '><h3 class='av-special-heading-tag '  itemprop=\"headline\"  >Sinopsi<\/h3><div class=\"special-heading-border\"><div class=\"special-heading-inner-border\"><\/div><\/div><\/div><br \/>\n<section  class='av_textblock_section av-av_textblock-0366cc7376be6c9e82a3e9cc8987b64f '   itemscope=\"itemscope\" itemtype=\"https:\/\/schema.org\/CreativeWork\" ><div class='avia_textblock'  itemprop=\"text\" ><p>Despr\u00e9s de la publicaci\u00f3 de la primera versi\u00f3 de Noms de lloc i de persona d&#8217;Alforja i Cornudella, editada l&#8217;any 1991 pel Centre d&#8217;Estudis Comarcal Josep Igl\u00e9sies, Miquel S. Jassans va continuar escorcollant arxius i revisant manuscrits i impresos que poguessin aportar dades topon\u00edmiques i onom\u00e0stiques insuficientment referenciades o que no havien estat inventariades en aquell recull inicial.<\/p>\n<p>Aquesta nova informaci\u00f3 es presenta ara per ordre alfab\u00e8tic, no del tot estricte i amb petites correccions en qualque nom, que millora sensiblement l&#8217;inventari realitzat i que permet con\u00e8ixer amb m\u00e9s detall la riquesa toponom\u00e0stica del nostre territori.<\/p>\n<\/div><\/section><\/p><\/div><\/p>\n","protected":false},"excerpt":{"rendered":"","protected":false},"author":1,"featured_media":371,"comment_status":"open","ping_status":"closed","template":"","meta":{"footnotes":""},"tags":[],"portfolio_entries":[3],"class_list":["post-370","portfolio","type-portfolio","status-publish","has-post-thumbnail","hentry","portfolio_entries-llibres"],"_links":{"self":[{"href":"https:\/\/aestudisreusencs.centrelectura.cat\/info\/wp-json\/wp\/v2\/portfolio\/370","targetHints":{"allow":["GET"]}}],"collection":[{"href":"https:\/\/aestudisreusencs.centrelectura.cat\/info\/wp-json\/wp\/v2\/portfolio"}],"about":[{"href":"https:\/\/aestudisreusencs.centrelectura.cat\/info\/wp-json\/wp\/v2\/types\/portfolio"}],"author":[{"embeddable":true,"href":"https:\/\/aestudisreusencs.centrelectura.cat\/info\/wp-json\/wp\/v2\/users\/1"}],"replies":[{"embeddable":true,"href":"https:\/\/aestudisreusencs.centrelectura.cat\/info\/wp-json\/wp\/v2\/comments?post=370"}],"version-history":[{"count":1,"href":"https:\/\/aestudisreusencs.centrelectura.cat\/info\/wp-json\/wp\/v2\/portfolio\/370\/revisions"}],"predecessor-version":[{"id":388,"href":"https:\/\/aestudisreusencs.centrelectura.cat\/info\/wp-json\/wp\/v2\/portfolio\/370\/revisions\/388"}],"wp:featuredmedia":[{"embeddable":true,"href":"https:\/\/aestudisreusencs.centrelectura.cat\/info\/wp-json\/wp\/v2\/media\/371"}],"wp:attachment":[{"href":"https:\/\/aestudisreusencs.centrelectura.cat\/info\/wp-json\/wp\/v2\/media?parent=370"}],"wp:term":[{"taxonomy":"post_tag","embeddable":true,"href":"https:\/\/aestudisreusencs.centrelectura.cat\/info\/wp-json\/wp\/v2\/tags?post=370"},{"taxonomy":"portfolio_entries","embeddable":true,"href":"https:\/\/aestudisreusencs.centrelectura.cat\/info\/wp-json\/wp\/v2\/portfolio_entries?post=370"}],"curies":[{"name":"wp","href":"https:\/\/api.w.org\/{rel}","templated":true}]}}

<style type="text/css" data-created_by="avia_inline_auto" id="style-css-av-av_one_half-352b07ef7d3bc99b2e9f92e7a9e06bdb">
.flex_column.av-av_one_half-352b07ef7d3bc99b2e9f92e7a9e06bdb{
border-radius:0px 0px 0px 0px;
padding:0px 0px 0px 0px;
}
</style>
<div  class='flex_column av-av_one_half-352b07ef7d3bc99b2e9f92e7a9e06bdb av_one_half  avia-builder-el-0  el_before_av_one_half  avia-builder-el-first  first flex_column_div av-zero-column-padding  '     ><p>
<style type="text/css" data-created_by="avia_inline_auto" id="style-css-av-av_heading-a3a0ba378125d03040c8e1fd7b4c775c">
#top .av-special-heading.av-av_heading-a3a0ba378125d03040c8e1fd7b4c775c{
padding-bottom:10px;
}
body .av-special-heading.av-av_heading-a3a0ba378125d03040c8e1fd7b4c775c .av-special-heading-tag .heading-char{
font-size:25px;
}
.av-special-heading.av-av_heading-a3a0ba378125d03040c8e1fd7b4c775c .av-subheading{
font-size:15px;
}
</style>
<div  class='av-special-heading av-av_heading-a3a0ba378125d03040c8e1fd7b4c775c av-special-heading-h3  avia-builder-el-1  el_before_av_textblock  avia-builder-el-first '><h3 class='av-special-heading-tag '  itemprop="headline"  >L’Autor</h3><div class="special-heading-border"><div class="special-heading-inner-border"></div></div></div><br />
<section  class='av_textblock_section av-av_textblock-0366cc7376be6c9e82a3e9cc8987b64f '   itemscope="itemscope" itemtype="https://schema.org/CreativeWork" ><div class='avia_textblock'  itemprop="text" ><p><strong>Miquel Salvadó Jassans</strong> (Alforja, 1937) és diplomat en Arqueologia Hispànica, llicenciat en Belles Arts per la Universitat de Barcelona i soci d&#8217;honor de la Societat d&#8217;Onomàstica.  Cofundador del grup de teatre &#8216;Els Passerells&#8217;, de l&#8217;Ateneu Cultural Josep Taverna d&#8217;Alforja i de la revista d&#8217;opinió Vent de Serè.</p>
<p>Artista pintor i professor d&#8217;Art, ha exposat en diverses ciutats de Catalunya, França i Alemanya.</p>
<p>Ha publicat: Ordinacions del 1573 de la vila de Rasquera (1984), Toponímia de Rasquera (1988), Noms de lloc i de persona d&#8217;Alforja i Cortiella (primera versió, 1991), Onomàstica de Poboleda (1998), El secret dels pergamins càtars (2003), Onomàstica de Colldejou (2003), Diari d&#8217;un artista (2007), Onomàstica de Duesaigües i el seu terme (2008), Retorn a Sefarad (2010), Cançó de bressol per a l&#8217;Abril (amb Ekaterina Katcheff, 2014), Onomàstica de Valls i els seus agregats de Fontscaldes, Masmulets i Picamoixons (amb Moisés Selfa, 2015) i Virak el neandertal (2018).</p>
</div></section></p></div>
<style type="text/css" data-created_by="avia_inline_auto" id="style-css-av-av_one_half-2a64de42b738552fe666ca889af77e28">
.flex_column.av-av_one_half-2a64de42b738552fe666ca889af77e28{
border-radius:0px 0px 0px 0px;
padding:0px 0px 0px 0px;
}
</style>
<div  class='flex_column av-av_one_half-2a64de42b738552fe666ca889af77e28 av_one_half  avia-builder-el-3  el_after_av_one_half  avia-builder-el-last  flex_column_div av-zero-column-padding  '     ><p>
<style type="text/css" data-created_by="avia_inline_auto" id="style-css-av-av_heading-d5f87b173139e45bdc740ab0d1af436c">
#top .av-special-heading.av-av_heading-d5f87b173139e45bdc740ab0d1af436c{
padding-bottom:10px;
}
body .av-special-heading.av-av_heading-d5f87b173139e45bdc740ab0d1af436c .av-special-heading-tag .heading-char{
font-size:25px;
}
.av-special-heading.av-av_heading-d5f87b173139e45bdc740ab0d1af436c .av-subheading{
font-size:15px;
}
</style>
<div  class='av-special-heading av-av_heading-d5f87b173139e45bdc740ab0d1af436c av-special-heading-h3  avia-builder-el-4  el_before_av_textblock  avia-builder-el-first '><h3 class='av-special-heading-tag '  itemprop="headline"  >Sinopsi</h3><div class="special-heading-border"><div class="special-heading-inner-border"></div></div></div><br />
<section  class='av_textblock_section av-av_textblock-0366cc7376be6c9e82a3e9cc8987b64f '   itemscope="itemscope" itemtype="https://schema.org/CreativeWork" ><div class='avia_textblock'  itemprop="text" ><p>Després de la publicació de la primera versió de Noms de lloc i de persona d&#8217;Alforja i Cornudella, editada l&#8217;any 1991 pel Centre d&#8217;Estudis Comarcal Josep Iglésies, Miquel S. Jassans va continuar escorcollant arxius i revisant manuscrits i impresos que poguessin aportar dades toponímiques i onomàstiques insuficientment referenciades o que no havien estat inventariades en aquell recull inicial.</p>
<p>Aquesta nova informació es presenta ara per ordre alfabètic, no del tot estricte i amb petites correccions en qualque nom, que millora sensiblement l&#8217;inventari realitzat i que permet conèixer amb més detall la riquesa toponomàstica del nostre territori.</p>
</div></section></p></div></p>
