{"id":389,"date":"2023-08-21T08:45:23","date_gmt":"2023-08-21T06:45:23","guid":{"rendered":"http:\/\/aestudisreusencs.centrelectura.cat\/info\/?post_type=portfolio&#038;p=389"},"modified":"2024-09-17T09:33:49","modified_gmt":"2024-09-17T07:33:49","slug":"136-julia-nougues-i-subira-ciutada-republica-1867-1928-2023-josep-m-valles-i-marti","status":"publish","type":"portfolio","link":"https:\/\/aestudisreusencs.centrelectura.cat\/info\/portfolio-item\/136-julia-nougues-i-subira-ciutada-republica-1867-1928-2023-josep-m-valles-i-marti\/","title":{"rendered":"Volum 136. Juli\u00e0 Nougu\u00e9s i Subir\u00e0. Ciutad\u00e0 Republic\u00e0. (1867-1928). Josep M. Vall\u00e8s i Mart\u00ed. 2023"},"content":{"rendered":"\n<style type=\"text\/css\" data-created_by=\"avia_inline_auto\" id=\"style-css-av-av_one_half-352b07ef7d3bc99b2e9f92e7a9e06bdb\">\n.flex_column.av-av_one_half-352b07ef7d3bc99b2e9f92e7a9e06bdb{\nborder-radius:0px 0px 0px 0px;\npadding:0px 0px 0px 0px;\n}\n<\/style>\n<div  class='flex_column av-av_one_half-352b07ef7d3bc99b2e9f92e7a9e06bdb av_one_half  avia-builder-el-0  el_before_av_one_half  avia-builder-el-first  first flex_column_div av-zero-column-padding  '     ><p>\n<style type=\"text\/css\" data-created_by=\"avia_inline_auto\" id=\"style-css-av-av_heading-a3a0ba378125d03040c8e1fd7b4c775c\">\n#top .av-special-heading.av-av_heading-a3a0ba378125d03040c8e1fd7b4c775c{\npadding-bottom:10px;\n}\nbody .av-special-heading.av-av_heading-a3a0ba378125d03040c8e1fd7b4c775c .av-special-heading-tag .heading-char{\nfont-size:25px;\n}\n.av-special-heading.av-av_heading-a3a0ba378125d03040c8e1fd7b4c775c .av-subheading{\nfont-size:15px;\n}\n<\/style>\n<div  class='av-special-heading av-av_heading-a3a0ba378125d03040c8e1fd7b4c775c av-special-heading-h3  avia-builder-el-1  el_before_av_textblock  avia-builder-el-first '><h3 class='av-special-heading-tag '  itemprop=\"headline\"  >L\u2019Autor<\/h3><div class=\"special-heading-border\"><div class=\"special-heading-inner-border\"><\/div><\/div><\/div><br \/>\n<section  class='av_textblock_section av-av_textblock-0366cc7376be6c9e82a3e9cc8987b64f '   itemscope=\"itemscope\" itemtype=\"https:\/\/schema.org\/CreativeWork\" ><div class='avia_textblock'  itemprop=\"text\" ><p><strong>Josep M. Vall\u00e8s i Mart\u00ed<\/strong> (L\u2019Espluga de Francol\u00ed, 1945) Gerent empresarial, ha\u00a0dedicat el seu oci en la promoci\u00f3 cultural a la seva vila. Fund\u00e0 l\u2019Escola de M\u00fasica\u00a0del Casal (1978) ocup\u00e0 la presid\u00e8ncia del Casal de l\u2019Espluga (1981-1985),\u00a0promogu\u00e9 la reaparici\u00f3 de la revista El Francol\u00ed, el premi de recerca Bernat\u00a0Morgades i fou fundador del Centre d\u2019Estudis Locals del Casal (1983). Es\u00a0membre del Centre d\u2019Estudis de la Conca de Barber\u00e0 i del Centre d\u2019Estudis\u00a0de les Garrigues i del Vilosell. Fou alcalde de l\u2019Espluga (1989).<\/p>\n<p>Autor de diversos\u00a0treballs i articles, ha donat confer\u00e8ncies i ha publicat llibres:<\/p>\n<p>De l&#8217;idealisme a l&#8217;oblit:\u00a0poesia i teatre de Pere Antoni Torres Jordi (2007),<br \/>\nL\u2019Espluga de Francol\u00ed en els\u00a0setmanaris de Montblanc, 1903-1923 (2008),<br \/>\nJosep Cabeza i Coll (2009)<br \/>\nRafael Battestini i Galup (1886-1939) Catalanista. V\u00edctima de la repressi\u00f3 franquista (2009), Judici a un poble.<br \/>\nLa\u00a0mort del cobrador a l\u2019Espluga de Francol\u00ed, 1899 (2013),<br \/>\nAlbert Talavera i Sabater. Un lideratge ambici\u00f3s malaguanyat (2013),<br \/>\nEl Celler de baix. Visi\u00f3 hist\u00f2rica d\u2019una obra col\u2022lectiva (1913-2013) (2014).<br \/>\nLa Conca de Barber\u00e0 en temps de la Mancomunitat de Catalunya (1911-1925)<\/p>\n<p>Premi Aires de la Conca, 2016, Relats i cr\u00f2niques. L&#8217;Espluga de Francol\u00ed, 1900-1923 (2017), Ramon Muntanyola. \u00ab.. una gran llum d&#8217;esperan\u00e7a\u00bb (2018) amb Joan Maria Pujals. De la Dictadura a la Rep\u00fablica. L\u2019Espluga de Francol\u00ed, 1923-1931 (2020). Visca la Rep\u00fablica! L\u2019Espluga de Francol\u00ed, 1931-1936. (2021). El violinista cec. Josep Maria Serret i Bou, 1838-1892. (2022).<\/p>\n<\/div><\/section><\/p><\/div>\n<style type=\"text\/css\" data-created_by=\"avia_inline_auto\" id=\"style-css-av-av_one_half-2a64de42b738552fe666ca889af77e28\">\n.flex_column.av-av_one_half-2a64de42b738552fe666ca889af77e28{\nborder-radius:0px 0px 0px 0px;\npadding:0px 0px 0px 0px;\n}\n<\/style>\n<div  class='flex_column av-av_one_half-2a64de42b738552fe666ca889af77e28 av_one_half  avia-builder-el-3  el_after_av_one_half  avia-builder-el-last  flex_column_div av-zero-column-padding  '     ><p>\n<style type=\"text\/css\" data-created_by=\"avia_inline_auto\" id=\"style-css-av-av_heading-d5f87b173139e45bdc740ab0d1af436c\">\n#top .av-special-heading.av-av_heading-d5f87b173139e45bdc740ab0d1af436c{\npadding-bottom:10px;\n}\nbody .av-special-heading.av-av_heading-d5f87b173139e45bdc740ab0d1af436c .av-special-heading-tag .heading-char{\nfont-size:25px;\n}\n.av-special-heading.av-av_heading-d5f87b173139e45bdc740ab0d1af436c .av-subheading{\nfont-size:15px;\n}\n<\/style>\n<div  class='av-special-heading av-av_heading-d5f87b173139e45bdc740ab0d1af436c av-special-heading-h3  avia-builder-el-4  el_before_av_textblock  avia-builder-el-first '><h3 class='av-special-heading-tag '  itemprop=\"headline\"  >Sinopsi<\/h3><div class=\"special-heading-border\"><div class=\"special-heading-inner-border\"><\/div><\/div><\/div><br \/>\n<section  class='av_textblock_section av-av_textblock-0366cc7376be6c9e82a3e9cc8987b64f '   itemscope=\"itemscope\" itemtype=\"https:\/\/schema.org\/CreativeWork\" ><div class='avia_textblock'  itemprop=\"text\" ><p>Josep M. Vall\u00e8s i Mart\u00ed ha sabut, amb simplicitat i una narraci\u00f3 de f\u00e0cil lectura, presentar les grans etapes de la vida social i pol\u00edtica del reusenc Juli\u00e0 Nougu\u00e9s i Subir\u00e0: com advocat de l\u2019Audi\u00e8ncia de Tarragona, on va ingressar el 1894; regidor, republic\u00e0 federal, de l\u2019Ajuntament de Reus 1897-1898 i diputat a corts entre 1903 i 1923.<\/p>\n<p>Especialment en aquest periple com a diputat al Congr\u00e9s d\u2019Espanya, es pot constatar l\u2019ofici i l\u2019experi\u00e8ncia comunicativa del nostre autor: un tema feixuc i de dif\u00edcil s\u00edntesi com s\u00f3n els discursos i les apel\u00b7lacions en el Congr\u00e9s ha estat resolt amb efic\u00e0cia. Ha reprodu\u00eft amb abund\u00e0ncia, per\u00f2 justificadament, les paraules de Nougu\u00e9s i ha incl\u00f2s les acotacions i informacions necess\u00e0ries per tal de poder situar-ne la lectura.<\/p>\n<p>Juli\u00e0 Nougu\u00e9s i Subir\u00e0 fou el diputat m\u00e9s cops reelegit a tota Catalunya en el per\u00edode 1903-1923. Despr\u00e9s del seu primer frac\u00e0s el 1901, venc\u00e9 de forma continuada en totes les eleccions generals i sempre com a candidat de la circumscripci\u00f3 Tarragona-Reus-Falset, fins a 10 vegades.<\/p>\n<p>A l\u2019haver reconstru\u00eft l\u2019actuaci\u00f3 parlament\u00e0ria del reusenc Juli\u00e0 Nougu\u00e8s i Subir\u00e0 ens permet, a tots plegats, recon\u00e8ixer i valorar la import\u00e0ncia d\u2019un bon pol\u00edtic republic\u00e0 d\u2019aquell primer ter\u00e7 del segle XX.<\/p>\n<p>Homes com Nougu\u00e9s, a la seva manera, en facilitaren la transici\u00f3 i, a la llarga, la reunificaci\u00f3 del catalanisme nacionalista republic\u00e0 dins l\u2019Esquerra Republicana creada el 1931, a les portes de la proclamaci\u00f3 de la Segona Rep\u00fablica Espanyola i la Generalitat de Catalunya.<\/p>\n<p>(Del pr\u00f2leg de Pere Gabriel)<\/p>\n<\/div><\/section><\/p><\/div><\/p>\n","protected":false},"excerpt":{"rendered":"","protected":false},"author":1,"featured_media":390,"comment_status":"open","ping_status":"closed","template":"","meta":{"footnotes":""},"tags":[],"portfolio_entries":[3],"class_list":["post-389","portfolio","type-portfolio","status-publish","has-post-thumbnail","hentry","portfolio_entries-llibres"],"_links":{"self":[{"href":"https:\/\/aestudisreusencs.centrelectura.cat\/info\/wp-json\/wp\/v2\/portfolio\/389","targetHints":{"allow":["GET"]}}],"collection":[{"href":"https:\/\/aestudisreusencs.centrelectura.cat\/info\/wp-json\/wp\/v2\/portfolio"}],"about":[{"href":"https:\/\/aestudisreusencs.centrelectura.cat\/info\/wp-json\/wp\/v2\/types\/portfolio"}],"author":[{"embeddable":true,"href":"https:\/\/aestudisreusencs.centrelectura.cat\/info\/wp-json\/wp\/v2\/users\/1"}],"replies":[{"embeddable":true,"href":"https:\/\/aestudisreusencs.centrelectura.cat\/info\/wp-json\/wp\/v2\/comments?post=389"}],"version-history":[{"count":1,"href":"https:\/\/aestudisreusencs.centrelectura.cat\/info\/wp-json\/wp\/v2\/portfolio\/389\/revisions"}],"predecessor-version":[{"id":435,"href":"https:\/\/aestudisreusencs.centrelectura.cat\/info\/wp-json\/wp\/v2\/portfolio\/389\/revisions\/435"}],"wp:featuredmedia":[{"embeddable":true,"href":"https:\/\/aestudisreusencs.centrelectura.cat\/info\/wp-json\/wp\/v2\/media\/390"}],"wp:attachment":[{"href":"https:\/\/aestudisreusencs.centrelectura.cat\/info\/wp-json\/wp\/v2\/media?parent=389"}],"wp:term":[{"taxonomy":"post_tag","embeddable":true,"href":"https:\/\/aestudisreusencs.centrelectura.cat\/info\/wp-json\/wp\/v2\/tags?post=389"},{"taxonomy":"portfolio_entries","embeddable":true,"href":"https:\/\/aestudisreusencs.centrelectura.cat\/info\/wp-json\/wp\/v2\/portfolio_entries?post=389"}],"curies":[{"name":"wp","href":"https:\/\/api.w.org\/{rel}","templated":true}]}}

Volum 136. Julià Nougués i Subirà. Ciutadà Republicà. (1867-1928). Josep M. Vallès i Martí. 2023

<style type="text/css" data-created_by="avia_inline_auto" id="style-css-av-av_one_half-352b07ef7d3bc99b2e9f92e7a9e06bdb">
.flex_column.av-av_one_half-352b07ef7d3bc99b2e9f92e7a9e06bdb{
border-radius:0px 0px 0px 0px;
padding:0px 0px 0px 0px;
}
</style>
<div  class='flex_column av-av_one_half-352b07ef7d3bc99b2e9f92e7a9e06bdb av_one_half  avia-builder-el-0  el_before_av_one_half  avia-builder-el-first  first flex_column_div av-zero-column-padding  '     ><p>
<style type="text/css" data-created_by="avia_inline_auto" id="style-css-av-av_heading-a3a0ba378125d03040c8e1fd7b4c775c">
#top .av-special-heading.av-av_heading-a3a0ba378125d03040c8e1fd7b4c775c{
padding-bottom:10px;
}
body .av-special-heading.av-av_heading-a3a0ba378125d03040c8e1fd7b4c775c .av-special-heading-tag .heading-char{
font-size:25px;
}
.av-special-heading.av-av_heading-a3a0ba378125d03040c8e1fd7b4c775c .av-subheading{
font-size:15px;
}
</style>
<div  class='av-special-heading av-av_heading-a3a0ba378125d03040c8e1fd7b4c775c av-special-heading-h3  avia-builder-el-1  el_before_av_textblock  avia-builder-el-first '><h3 class='av-special-heading-tag '  itemprop="headline"  >L’Autor</h3><div class="special-heading-border"><div class="special-heading-inner-border"></div></div></div><br />
<section  class='av_textblock_section av-av_textblock-0366cc7376be6c9e82a3e9cc8987b64f '   itemscope="itemscope" itemtype="https://schema.org/CreativeWork" ><div class='avia_textblock'  itemprop="text" ><p><strong>Josep M. Vallès i Martí</strong> (L’Espluga de Francolí, 1945) Gerent empresarial, ha dedicat el seu oci en la promoció cultural a la seva vila. Fundà l’Escola de Música del Casal (1978) ocupà la presidència del Casal de l’Espluga (1981-1985), promogué la reaparició de la revista El Francolí, el premi de recerca Bernat Morgades i fou fundador del Centre d’Estudis Locals del Casal (1983). Es membre del Centre d’Estudis de la Conca de Barberà i del Centre d’Estudis de les Garrigues i del Vilosell. Fou alcalde de l’Espluga (1989).</p>
<p>Autor de diversos treballs i articles, ha donat conferències i ha publicat llibres:</p>
<p>De l&#8217;idealisme a l&#8217;oblit: poesia i teatre de Pere Antoni Torres Jordi (2007),<br />
L’Espluga de Francolí en els setmanaris de Montblanc, 1903-1923 (2008),<br />
Josep Cabeza i Coll (2009)<br />
Rafael Battestini i Galup (1886-1939) Catalanista. Víctima de la repressió franquista (2009), Judici a un poble.<br />
La mort del cobrador a l’Espluga de Francolí, 1899 (2013),<br />
Albert Talavera i Sabater. Un lideratge ambiciós malaguanyat (2013),<br />
El Celler de baix. Visió històrica d’una obra col•lectiva (1913-2013) (2014).<br />
La Conca de Barberà en temps de la Mancomunitat de Catalunya (1911-1925)</p>
<p>Premi Aires de la Conca, 2016, Relats i cròniques. L&#8217;Espluga de Francolí, 1900-1923 (2017), Ramon Muntanyola. «.. una gran llum d&#8217;esperança» (2018) amb Joan Maria Pujals. De la Dictadura a la República. L’Espluga de Francolí, 1923-1931 (2020). Visca la República! L’Espluga de Francolí, 1931-1936. (2021). El violinista cec. Josep Maria Serret i Bou, 1838-1892. (2022).</p>
</div></section></p></div>
<style type="text/css" data-created_by="avia_inline_auto" id="style-css-av-av_one_half-2a64de42b738552fe666ca889af77e28">
.flex_column.av-av_one_half-2a64de42b738552fe666ca889af77e28{
border-radius:0px 0px 0px 0px;
padding:0px 0px 0px 0px;
}
</style>
<div  class='flex_column av-av_one_half-2a64de42b738552fe666ca889af77e28 av_one_half  avia-builder-el-3  el_after_av_one_half  avia-builder-el-last  flex_column_div av-zero-column-padding  '     ><p>
<style type="text/css" data-created_by="avia_inline_auto" id="style-css-av-av_heading-d5f87b173139e45bdc740ab0d1af436c">
#top .av-special-heading.av-av_heading-d5f87b173139e45bdc740ab0d1af436c{
padding-bottom:10px;
}
body .av-special-heading.av-av_heading-d5f87b173139e45bdc740ab0d1af436c .av-special-heading-tag .heading-char{
font-size:25px;
}
.av-special-heading.av-av_heading-d5f87b173139e45bdc740ab0d1af436c .av-subheading{
font-size:15px;
}
</style>
<div  class='av-special-heading av-av_heading-d5f87b173139e45bdc740ab0d1af436c av-special-heading-h3  avia-builder-el-4  el_before_av_textblock  avia-builder-el-first '><h3 class='av-special-heading-tag '  itemprop="headline"  >Sinopsi</h3><div class="special-heading-border"><div class="special-heading-inner-border"></div></div></div><br />
<section  class='av_textblock_section av-av_textblock-0366cc7376be6c9e82a3e9cc8987b64f '   itemscope="itemscope" itemtype="https://schema.org/CreativeWork" ><div class='avia_textblock'  itemprop="text" ><p>Josep M. Vallès i Martí ha sabut, amb simplicitat i una narració de fàcil lectura, presentar les grans etapes de la vida social i política del reusenc Julià Nougués i Subirà: com advocat de l’Audiència de Tarragona, on va ingressar el 1894; regidor, republicà federal, de l’Ajuntament de Reus 1897-1898 i diputat a corts entre 1903 i 1923.</p>
<p>Especialment en aquest periple com a diputat al Congrés d’Espanya, es pot constatar l’ofici i l’experiència comunicativa del nostre autor: un tema feixuc i de difícil síntesi com són els discursos i les apel·lacions en el Congrés ha estat resolt amb eficàcia. Ha reproduït amb abundància, però justificadament, les paraules de Nougués i ha inclòs les acotacions i informacions necessàries per tal de poder situar-ne la lectura.</p>
<p>Julià Nougués i Subirà fou el diputat més cops reelegit a tota Catalunya en el període 1903-1923. Després del seu primer fracàs el 1901, vencé de forma continuada en totes les eleccions generals i sempre com a candidat de la circumscripció Tarragona-Reus-Falset, fins a 10 vegades.</p>
<p>A l’haver reconstruït l’actuació parlamentària del reusenc Julià Nouguès i Subirà ens permet, a tots plegats, reconèixer i valorar la importància d’un bon polític republicà d’aquell primer terç del segle XX.</p>
<p>Homes com Nougués, a la seva manera, en facilitaren la transició i, a la llarga, la reunificació del catalanisme nacionalista republicà dins l’Esquerra Republicana creada el 1931, a les portes de la proclamació de la Segona República Espanyola i la Generalitat de Catalunya.</p>
<p>(Del pròleg de Pere Gabriel)</p>
</div></section></p></div></p>
