{"id":66,"date":"2015-08-24T09:47:46","date_gmt":"2015-08-24T09:47:46","guid":{"rendered":"http:\/\/aestudisreusencs.centrelectura.cat\/info\/?post_type=portfolio&#038;p=66"},"modified":"2015-09-01T14:10:18","modified_gmt":"2015-09-01T14:10:18","slug":"volum-131-correspondencia-entre-eduard-toda-i-guell-i-jaume-barrera-i-escudero-1925-1941-gener-gonzalvo-i-bou-2012","status":"publish","type":"portfolio","link":"https:\/\/aestudisreusencs.centrelectura.cat\/info\/portfolio-item\/volum-131-correspondencia-entre-eduard-toda-i-guell-i-jaume-barrera-i-escudero-1925-1941-gener-gonzalvo-i-bou-2012\/","title":{"rendered":"Volum 131. Correspond\u00e8ncia entre Eduard Toda i G\u00fcell i Jaume Barrera i Escudero (1925-1941). Gener Gonzalvo i Bou. 2012"},"content":{"rendered":"\n<style type=\"text\/css\" data-created_by=\"avia_inline_auto\" id=\"style-css-av-av_one_half-352b07ef7d3bc99b2e9f92e7a9e06bdb\">\n.flex_column.av-av_one_half-352b07ef7d3bc99b2e9f92e7a9e06bdb{\nborder-radius:0px 0px 0px 0px;\npadding:0px 0px 0px 0px;\n}\n<\/style>\n<div  class='flex_column av-av_one_half-352b07ef7d3bc99b2e9f92e7a9e06bdb av_one_half  avia-builder-el-0  el_before_av_one_half  avia-builder-el-first  first flex_column_div av-zero-column-padding  '     ><p>\n<style type=\"text\/css\" data-created_by=\"avia_inline_auto\" id=\"style-css-av-av_heading-a3a0ba378125d03040c8e1fd7b4c775c\">\n#top .av-special-heading.av-av_heading-a3a0ba378125d03040c8e1fd7b4c775c{\npadding-bottom:10px;\n}\nbody .av-special-heading.av-av_heading-a3a0ba378125d03040c8e1fd7b4c775c .av-special-heading-tag .heading-char{\nfont-size:25px;\n}\n.av-special-heading.av-av_heading-a3a0ba378125d03040c8e1fd7b4c775c .av-subheading{\nfont-size:15px;\n}\n<\/style>\n<div  class='av-special-heading av-av_heading-a3a0ba378125d03040c8e1fd7b4c775c av-special-heading-h3  avia-builder-el-1  el_before_av_textblock  avia-builder-el-first '><h3 class='av-special-heading-tag '  itemprop=\"headline\"  >L\u2019Autor<\/h3><div class=\"special-heading-border\"><div class=\"special-heading-inner-border\"><\/div><\/div><\/div><br \/>\n<section  class='av_textblock_section av-av_textblock-0366cc7376be6c9e82a3e9cc8987b64f '   itemscope=\"itemscope\" itemtype=\"https:\/\/schema.org\/CreativeWork\" ><div class='avia_textblock'  itemprop=\"text\" ><p style=\"text-align: justify;\"><strong>Gener Gonzalvo i Bou<\/strong> (Barcelona, 1958) \u00e9s llicenciat en Grau per la Universitat Aut\u00f2noma. Especialista en el m\u00f3n dels arxius, el m\u00f3n hist\u00f2ric que treballa \u00e9s el medieval. Concretament va pouar durant molts anys en la pau i treva a Catalunya i en els or\u00edgens de les Corts de Catalunya. Precisament la seva tesi de llicenciatura, publicada sobre aquest tema, va ser publicada el 1986. Despr\u00e9s d\u2019anys d\u2019investigaci\u00f3, que el port\u00e0 a m\u00faltiples arxius, public\u00e0 la compilaci\u00f3 de tots els textos originals de pau i treva (1994).<\/p>\n<p style=\"text-align: justify;\">Arxiver a T\u00e0rrega durant 18 anys, public\u00e0 sol o en col\u00b7laboraci\u00f3, diversos elements historiogr\u00e0fics destacables. Citem aqu\u00ed Els Llibres de Privilegis de T\u00e0rrega (1992), i \u00e9s cofundador i codirector de la revista \u201cURTX. Revista d\u2019Humanitats de l\u2019Urgell\u201d, fundada el 1989, i que a hores d\u2019ara t\u00e9 un prestigi evident a les Terres de Ponent. Amb la Universitat de Lleida codirigeix la col\u00b7lecci\u00f3 de llibres medievals \u201cComtat d\u2019Urgell\u201d, on public\u00e0 un volum sobre el sepulcre dels comtes d\u2019Urgell del monestir de Bellpuig de les Avellanes (1927).<\/p>\n<p style=\"text-align: justify;\">Un altre bloc d\u2019investigaci\u00f3 ha estat el monestir de Poblet. All\u00e0 hi col\u00b7labor\u00e0 amb el P. Agust\u00ed Altisent en el \u201cDiplomatari de Poblet\u201d (1993), edit\u00e0 juntament amb el P. Alexandre Masoliver La davallada de Poblet (Poblet als segles XVII i XVIII), Poblet, 1997.<\/p>\n<p style=\"text-align: justify;\">A m\u00e9s, sobre Poblet destaquen les publicacions La vida privada dels monjos de Poblet a l\u2019\u00e8poca medieval i moderna ( Poblet 1999) i Poblet, pante\u00f3 real (Barcelona 1998).<\/p>\n<\/div><\/section><\/p><\/div>\n<style type=\"text\/css\" data-created_by=\"avia_inline_auto\" id=\"style-css-av-av_one_half-2a64de42b738552fe666ca889af77e28\">\n.flex_column.av-av_one_half-2a64de42b738552fe666ca889af77e28{\nborder-radius:0px 0px 0px 0px;\npadding:0px 0px 0px 0px;\n}\n<\/style>\n<div  class='flex_column av-av_one_half-2a64de42b738552fe666ca889af77e28 av_one_half  avia-builder-el-3  el_after_av_one_half  avia-builder-el-last  flex_column_div av-zero-column-padding  '     ><p>\n<style type=\"text\/css\" data-created_by=\"avia_inline_auto\" id=\"style-css-av-av_heading-d5f87b173139e45bdc740ab0d1af436c\">\n#top .av-special-heading.av-av_heading-d5f87b173139e45bdc740ab0d1af436c{\npadding-bottom:10px;\n}\nbody .av-special-heading.av-av_heading-d5f87b173139e45bdc740ab0d1af436c .av-special-heading-tag .heading-char{\nfont-size:25px;\n}\n.av-special-heading.av-av_heading-d5f87b173139e45bdc740ab0d1af436c .av-subheading{\nfont-size:15px;\n}\n<\/style>\n<div  class='av-special-heading av-av_heading-d5f87b173139e45bdc740ab0d1af436c av-special-heading-h3  avia-builder-el-4  el_before_av_textblock  avia-builder-el-first '><h3 class='av-special-heading-tag '  itemprop=\"headline\"  >Sinopsi<\/h3><div class=\"special-heading-border\"><div class=\"special-heading-inner-border\"><\/div><\/div><\/div><br \/>\n<section  class='av_textblock_section av-av_textblock-0366cc7376be6c9e82a3e9cc8987b64f '   itemscope=\"itemscope\" itemtype=\"https:\/\/schema.org\/CreativeWork\" ><div class='avia_textblock'  itemprop=\"text\" ><p style=\"text-align: justify;\"><strong>Eduard\u00a0 Toda i G\u00fcell<\/strong> (Reus, 1855-Poblet, 1941) \u00e9s un dels grans reusencs universals. D\u2019or\u00edgens familiars tortuosos, l\u2019acoll\u00ed el seu oncle Joseph G\u00fcell i Mercad\u00e9, home de grans influ\u00e8ncies, fins i tot a Madrid. Estudi\u00f3s de mena, Toda estudi\u00e0 brillantment la carrera de dret, i tot seguit fou introdu\u00eft a la carrera consular. A la Xina se li despert\u00e0 la seva d\u00e8ria col\u00b7leccionista, tret que desenvolup\u00e0 amb m\u00e9s intensitat a Egipte. Fins i tot particip\u00e0 en excavacions, i cal considerar-lo el primer egipt\u00f2leg catal\u00e0. Una de les seves col\u00b7leccions les don\u00e0 al museu V\u00edctor Balaguer (gran amic seu) de Vilanova i la Geltr\u00fa. A l\u2019illa de Sardenya la seva tasca fou important: el rencontre del catal\u00e0 entre l\u2019illa i el Principat de Catalunya. Estigu\u00e9 molts anys a Londres, on s\u2019enriqu\u00ed com a gerent de la naviliera Sota\u00a0 y Aznar, afavorits per la Primera Guerra Mundial.<\/p>\n<p style=\"text-align: justify;\">Tornat a Catalunya, acab\u00e0 de restaurar el seu castell-convent d\u2019Escornalbou (comprat el 1907). All\u00e0 instal\u00b7l\u00e0 la seva enorme biblioteca, que hom xifra en 60.000 volums. Per aquestes dates coneixeria al Dr. Jaume Barrera i Escudero. Gaireb\u00e9 sense adonar-se\u2019n, es forj\u00e0 un binomi que ja pensava en la restauraci\u00f3 de Poblet. Llibres, documents, objectes d\u2019art i lit\u00fargics, s\u2019anaven acumulant a Escornalbou. D\u2019altres personatges de la cultura composaven el cenacle d\u2019Escornalbou: Llu\u00eds Plandiura, Duran i Sanpere, Francesc Matheu, Palau i Dulcet, etc.<\/p>\n<p style=\"text-align: justify;\">El 1930 es crea el Patronat de Poblet, i amb Toda al capdavant, comencen les tasques de restauraci\u00f3 pobletanes. Barrera, insigne llatinista, i director de la destacada Biblioteca del Seminari de Barcelona, est\u00e0 en constant contacte amb Toda, com demostren les cartes que presentem.<\/p>\n<\/div><\/section><\/p><\/div><\/p>\n","protected":false},"excerpt":{"rendered":"","protected":false},"author":1,"featured_media":129,"comment_status":"closed","ping_status":"closed","template":"","meta":{"footnotes":""},"tags":[],"portfolio_entries":[3],"class_list":["post-66","portfolio","type-portfolio","status-publish","has-post-thumbnail","hentry","portfolio_entries-llibres"],"_links":{"self":[{"href":"https:\/\/aestudisreusencs.centrelectura.cat\/info\/wp-json\/wp\/v2\/portfolio\/66","targetHints":{"allow":["GET"]}}],"collection":[{"href":"https:\/\/aestudisreusencs.centrelectura.cat\/info\/wp-json\/wp\/v2\/portfolio"}],"about":[{"href":"https:\/\/aestudisreusencs.centrelectura.cat\/info\/wp-json\/wp\/v2\/types\/portfolio"}],"author":[{"embeddable":true,"href":"https:\/\/aestudisreusencs.centrelectura.cat\/info\/wp-json\/wp\/v2\/users\/1"}],"replies":[{"embeddable":true,"href":"https:\/\/aestudisreusencs.centrelectura.cat\/info\/wp-json\/wp\/v2\/comments?post=66"}],"version-history":[{"count":0,"href":"https:\/\/aestudisreusencs.centrelectura.cat\/info\/wp-json\/wp\/v2\/portfolio\/66\/revisions"}],"wp:featuredmedia":[{"embeddable":true,"href":"https:\/\/aestudisreusencs.centrelectura.cat\/info\/wp-json\/wp\/v2\/media\/129"}],"wp:attachment":[{"href":"https:\/\/aestudisreusencs.centrelectura.cat\/info\/wp-json\/wp\/v2\/media?parent=66"}],"wp:term":[{"taxonomy":"post_tag","embeddable":true,"href":"https:\/\/aestudisreusencs.centrelectura.cat\/info\/wp-json\/wp\/v2\/tags?post=66"},{"taxonomy":"portfolio_entries","embeddable":true,"href":"https:\/\/aestudisreusencs.centrelectura.cat\/info\/wp-json\/wp\/v2\/portfolio_entries?post=66"}],"curies":[{"name":"wp","href":"https:\/\/api.w.org\/{rel}","templated":true}]}}

Volum 131. Correspondència entre Eduard Toda i Güell i Jaume Barrera i Escudero (1925-1941). Gener Gonzalvo i Bou. 2012

<style type="text/css" data-created_by="avia_inline_auto" id="style-css-av-av_one_half-352b07ef7d3bc99b2e9f92e7a9e06bdb">
.flex_column.av-av_one_half-352b07ef7d3bc99b2e9f92e7a9e06bdb{
border-radius:0px 0px 0px 0px;
padding:0px 0px 0px 0px;
}
</style>
<div  class='flex_column av-av_one_half-352b07ef7d3bc99b2e9f92e7a9e06bdb av_one_half  avia-builder-el-0  el_before_av_one_half  avia-builder-el-first  first flex_column_div av-zero-column-padding  '     ><p>
<style type="text/css" data-created_by="avia_inline_auto" id="style-css-av-av_heading-a3a0ba378125d03040c8e1fd7b4c775c">
#top .av-special-heading.av-av_heading-a3a0ba378125d03040c8e1fd7b4c775c{
padding-bottom:10px;
}
body .av-special-heading.av-av_heading-a3a0ba378125d03040c8e1fd7b4c775c .av-special-heading-tag .heading-char{
font-size:25px;
}
.av-special-heading.av-av_heading-a3a0ba378125d03040c8e1fd7b4c775c .av-subheading{
font-size:15px;
}
</style>
<div  class='av-special-heading av-av_heading-a3a0ba378125d03040c8e1fd7b4c775c av-special-heading-h3  avia-builder-el-1  el_before_av_textblock  avia-builder-el-first '><h3 class='av-special-heading-tag '  itemprop="headline"  >L’Autor</h3><div class="special-heading-border"><div class="special-heading-inner-border"></div></div></div><br />
<section  class='av_textblock_section av-av_textblock-0366cc7376be6c9e82a3e9cc8987b64f '   itemscope="itemscope" itemtype="https://schema.org/CreativeWork" ><div class='avia_textblock'  itemprop="text" ><p style="text-align: justify;"><strong>Gener Gonzalvo i Bou</strong> (Barcelona, 1958) és llicenciat en Grau per la Universitat Autònoma. Especialista en el món dels arxius, el món històric que treballa és el medieval. Concretament va pouar durant molts anys en la pau i treva a Catalunya i en els orígens de les Corts de Catalunya. Precisament la seva tesi de llicenciatura, publicada sobre aquest tema, va ser publicada el 1986. Després d’anys d’investigació, que el portà a múltiples arxius, publicà la compilació de tots els textos originals de pau i treva (1994).</p>
<p style="text-align: justify;">Arxiver a Tàrrega durant 18 anys, publicà sol o en col·laboració, diversos elements historiogràfics destacables. Citem aquí Els Llibres de Privilegis de Tàrrega (1992), i és cofundador i codirector de la revista “URTX. Revista d’Humanitats de l’Urgell”, fundada el 1989, i que a hores d’ara té un prestigi evident a les Terres de Ponent. Amb la Universitat de Lleida codirigeix la col·lecció de llibres medievals “Comtat d’Urgell”, on publicà un volum sobre el sepulcre dels comtes d’Urgell del monestir de Bellpuig de les Avellanes (1927).</p>
<p style="text-align: justify;">Un altre bloc d’investigació ha estat el monestir de Poblet. Allà hi col·laborà amb el P. Agustí Altisent en el “Diplomatari de Poblet” (1993), edità juntament amb el P. Alexandre Masoliver La davallada de Poblet (Poblet als segles XVII i XVIII), Poblet, 1997.</p>
<p style="text-align: justify;">A més, sobre Poblet destaquen les publicacions La vida privada dels monjos de Poblet a l’època medieval i moderna ( Poblet 1999) i Poblet, panteó real (Barcelona 1998).</p>
</div></section></p></div>
<style type="text/css" data-created_by="avia_inline_auto" id="style-css-av-av_one_half-2a64de42b738552fe666ca889af77e28">
.flex_column.av-av_one_half-2a64de42b738552fe666ca889af77e28{
border-radius:0px 0px 0px 0px;
padding:0px 0px 0px 0px;
}
</style>
<div  class='flex_column av-av_one_half-2a64de42b738552fe666ca889af77e28 av_one_half  avia-builder-el-3  el_after_av_one_half  avia-builder-el-last  flex_column_div av-zero-column-padding  '     ><p>
<style type="text/css" data-created_by="avia_inline_auto" id="style-css-av-av_heading-d5f87b173139e45bdc740ab0d1af436c">
#top .av-special-heading.av-av_heading-d5f87b173139e45bdc740ab0d1af436c{
padding-bottom:10px;
}
body .av-special-heading.av-av_heading-d5f87b173139e45bdc740ab0d1af436c .av-special-heading-tag .heading-char{
font-size:25px;
}
.av-special-heading.av-av_heading-d5f87b173139e45bdc740ab0d1af436c .av-subheading{
font-size:15px;
}
</style>
<div  class='av-special-heading av-av_heading-d5f87b173139e45bdc740ab0d1af436c av-special-heading-h3  avia-builder-el-4  el_before_av_textblock  avia-builder-el-first '><h3 class='av-special-heading-tag '  itemprop="headline"  >Sinopsi</h3><div class="special-heading-border"><div class="special-heading-inner-border"></div></div></div><br />
<section  class='av_textblock_section av-av_textblock-0366cc7376be6c9e82a3e9cc8987b64f '   itemscope="itemscope" itemtype="https://schema.org/CreativeWork" ><div class='avia_textblock'  itemprop="text" ><p style="text-align: justify;"><strong>Eduard  Toda i Güell</strong> (Reus, 1855-Poblet, 1941) és un dels grans reusencs universals. D’orígens familiars tortuosos, l’acollí el seu oncle Joseph Güell i Mercadé, home de grans influències, fins i tot a Madrid. Estudiós de mena, Toda estudià brillantment la carrera de dret, i tot seguit fou introduït a la carrera consular. A la Xina se li despertà la seva dèria col·leccionista, tret que desenvolupà amb més intensitat a Egipte. Fins i tot participà en excavacions, i cal considerar-lo el primer egiptòleg català. Una de les seves col·leccions les donà al museu Víctor Balaguer (gran amic seu) de Vilanova i la Geltrú. A l’illa de Sardenya la seva tasca fou important: el rencontre del català entre l’illa i el Principat de Catalunya. Estigué molts anys a Londres, on s’enriquí com a gerent de la naviliera Sota  y Aznar, afavorits per la Primera Guerra Mundial.</p>
<p style="text-align: justify;">Tornat a Catalunya, acabà de restaurar el seu castell-convent d’Escornalbou (comprat el 1907). Allà instal·là la seva enorme biblioteca, que hom xifra en 60.000 volums. Per aquestes dates coneixeria al Dr. Jaume Barrera i Escudero. Gairebé sense adonar-se’n, es forjà un binomi que ja pensava en la restauració de Poblet. Llibres, documents, objectes d’art i litúrgics, s’anaven acumulant a Escornalbou. D’altres personatges de la cultura composaven el cenacle d’Escornalbou: Lluís Plandiura, Duran i Sanpere, Francesc Matheu, Palau i Dulcet, etc.</p>
<p style="text-align: justify;">El 1930 es crea el Patronat de Poblet, i amb Toda al capdavant, comencen les tasques de restauració pobletanes. Barrera, insigne llatinista, i director de la destacada Biblioteca del Seminari de Barcelona, està en constant contacte amb Toda, com demostren les cartes que presentem.</p>
</div></section></p></div></p>
