{"id":71,"date":"2015-08-24T10:09:50","date_gmt":"2015-08-24T10:09:50","guid":{"rendered":"http:\/\/aestudisreusencs.centrelectura.cat\/info\/?post_type=portfolio&#038;p=71"},"modified":"2015-11-19T15:37:21","modified_gmt":"2015-11-19T15:37:21","slug":"volum-132-la-poesia-obrerista-de-josep-llunas-jordi-marti-font-2015","status":"publish","type":"portfolio","link":"https:\/\/aestudisreusencs.centrelectura.cat\/info\/portfolio-item\/volum-132-la-poesia-obrerista-de-josep-llunas-jordi-marti-font-2015\/","title":{"rendered":"Volum 132. La poesia obrerista de Josep Llunas. Jordi Mart\u00ed Font. 2015"},"content":{"rendered":"\n<style type=\"text\/css\" data-created_by=\"avia_inline_auto\" id=\"style-css-av-av_one_half-352b07ef7d3bc99b2e9f92e7a9e06bdb\">\n.flex_column.av-av_one_half-352b07ef7d3bc99b2e9f92e7a9e06bdb{\nborder-radius:0px 0px 0px 0px;\npadding:0px 0px 0px 0px;\n}\n<\/style>\n<div  class='flex_column av-av_one_half-352b07ef7d3bc99b2e9f92e7a9e06bdb av_one_half  avia-builder-el-0  el_before_av_one_half  avia-builder-el-first  first flex_column_div av-zero-column-padding  '     ><p>\n<style type=\"text\/css\" data-created_by=\"avia_inline_auto\" id=\"style-css-av-av_heading-a3a0ba378125d03040c8e1fd7b4c775c\">\n#top .av-special-heading.av-av_heading-a3a0ba378125d03040c8e1fd7b4c775c{\npadding-bottom:10px;\n}\nbody .av-special-heading.av-av_heading-a3a0ba378125d03040c8e1fd7b4c775c .av-special-heading-tag .heading-char{\nfont-size:25px;\n}\n.av-special-heading.av-av_heading-a3a0ba378125d03040c8e1fd7b4c775c .av-subheading{\nfont-size:15px;\n}\n<\/style>\n<div  class='av-special-heading av-av_heading-a3a0ba378125d03040c8e1fd7b4c775c av-special-heading-h3  avia-builder-el-1  el_before_av_textblock  avia-builder-el-first '><h3 class='av-special-heading-tag '  itemprop=\"headline\"  >L\u2019Autor<\/h3><div class=\"special-heading-border\"><div class=\"special-heading-inner-border\"><\/div><\/div><\/div><br \/>\n<section  class='av_textblock_section av-av_textblock-0366cc7376be6c9e82a3e9cc8987b64f '   itemscope=\"itemscope\" itemtype=\"https:\/\/schema.org\/CreativeWork\" ><div class='avia_textblock'  itemprop=\"text\" ><p style=\"text-align: justify;\"><strong>Jordi Mart\u00ed Font<\/strong>. Vaig n\u00e9ixer a Tarragona el 1969 tot i que s\u00f3c de Mar\u00e7\u00e0 (al Priorat) i visc a la capital del Camp des de fa 25 anys, primer pels estudis universitaris i despr\u00e9s per les feines i els treballs.<\/p>\n<p style=\"text-align: justify;\">S\u00f3c llicenciat en Filologia Catalana per la URV i m\u00e0ster en cr\u00edtica liter\u00e0ria per aquesta mateixa universitat, alhora que tinc un segon m\u00e0ster de Filologia Catalana i estic a punt de presentar la meva tesi doctoral sobre Josep Llunas, La Tramontana i la literatura obrerista. He fet feines de corrector ling\u00fc\u00edstic, corrector d\u2019estil, periodista i professor de Llengua, Literatura i Arts Esc\u00e8niques a Secund\u00e0ria, amb algunes incursions en les feines de manobre, home de fer feines a casa meva i pag\u00e8s, seguint la tradici\u00f3 familiar.<\/p>\n<p style=\"text-align: justify;\">He publicat els meus articles a m\u00e9s de setanta cap\u00e7aleres (en paper i digitals) i alguns d\u2019aquests han estat recollits en dos llibres, Ni Nadal ni Setmana Santa i Visions perif\u00e8riques de combat. Tamb\u00e9 s\u00f3c autor de poemes i de diversos textos al voltant dels moviments anarquista i independentista en llibres col\u00b7lectius. Formo part de l\u2019Editorial Lo Diable Gros i toco la guitarra i canto amb el grup Llun\u00e0tics, amb qui he publicat els enregistraments Caliquenyo Conexxxtion i Qui la ballar\u00e0. He fet r\u00e0dio a R\u00e0dio Falset Independent (el programa Som uns pollastres) i a Tarragona R\u00e0dio (Pelant canyes); ara col\u00b7laboro a R\u00e0dio Terra. S\u00f3c membre de molt diverses entitats anarquistes, independentistes i culturals a les comarques del Camp de Tarragona, entre les quals destaco l\u2019Ateneu Llibertari Alom\u00e0, la CGT, la CUP, el Col\u00b7lectiu Independentista del Priorat i Tarragona Patrimoni de la Pau.<\/p>\n<\/div><\/section><\/p><\/div>\n\n<style type=\"text\/css\" data-created_by=\"avia_inline_auto\" id=\"style-css-av-av_one_half-2a64de42b738552fe666ca889af77e28\">\n.flex_column.av-av_one_half-2a64de42b738552fe666ca889af77e28{\nborder-radius:0px 0px 0px 0px;\npadding:0px 0px 0px 0px;\n}\n<\/style>\n<div  class='flex_column av-av_one_half-2a64de42b738552fe666ca889af77e28 av_one_half  avia-builder-el-3  el_after_av_one_half  avia-builder-el-last  flex_column_div av-zero-column-padding  '     ><p>\n<style type=\"text\/css\" data-created_by=\"avia_inline_auto\" id=\"style-css-av-av_heading-d5f87b173139e45bdc740ab0d1af436c\">\n#top .av-special-heading.av-av_heading-d5f87b173139e45bdc740ab0d1af436c{\npadding-bottom:10px;\n}\nbody .av-special-heading.av-av_heading-d5f87b173139e45bdc740ab0d1af436c .av-special-heading-tag .heading-char{\nfont-size:25px;\n}\n.av-special-heading.av-av_heading-d5f87b173139e45bdc740ab0d1af436c .av-subheading{\nfont-size:15px;\n}\n<\/style>\n<div  class='av-special-heading av-av_heading-d5f87b173139e45bdc740ab0d1af436c av-special-heading-h3  avia-builder-el-4  el_before_av_textblock  avia-builder-el-first '><h3 class='av-special-heading-tag '  itemprop=\"headline\"  >Sinopsi<\/h3><div class=\"special-heading-border\"><div class=\"special-heading-inner-border\"><\/div><\/div><\/div><br \/>\n<section  class='av_textblock_section av-av_textblock-0366cc7376be6c9e82a3e9cc8987b64f '   itemscope=\"itemscope\" itemtype=\"https:\/\/schema.org\/CreativeWork\" ><div class='avia_textblock'  itemprop=\"text\" ><p style=\"text-align: justify;\"><strong>Josep Llunas i Pujals<\/strong> va ser un destacat intel\u00b7lectual i militant anarquista catal\u00e0 del segle XIX, un dels principals te\u00f2rics de l\u2019obrerisme anarcocol\u00b7lectivista de tot l\u2019Estat, poeta i alhora periodista i creador del setmanari <em>La Tramontana<\/em>, una de les publicacions anarquistes m\u00e9s populars del segle XIX a l\u2019Estat espanyol.<\/p>\n<p style=\"text-align: justify;\">Reusenc de naixement, als deu anys marx\u00e0 a Barcelona i fou all\u00ed on, a trav\u00e9s de la seva feina com a tip\u00f2graf, s\u2019integr\u00e0 en els ambients progressistes i llibertaris de la capital. Entre 1870 i 1896, tingu\u00e9 destacats c\u00e0rrecs en les\u00a0dues grans organitzacions obreres internacionalistes, la FRE de l\u2019AIT i la FTRE. Despr\u00e9s del Proc\u00e9s de Montju\u00efc, deix\u00e0 la milit\u00e0ncia obrera i pass\u00e0 a ser un dels fundadors del periodisme\u00a0esportiu a tot l\u2019Estat. La producci\u00f3 po\u00e8tica de Llunas es troba b\u00e0sicament a les p\u00e0gines de <em>La Tramontana<\/em>,tot i que tamb\u00e9 public\u00e0 un poema llarg dedicat a la Comuna de Par\u00eds en forma de llibre independent, <em>La Revoluci\u00f3<\/em>. Alhora, \u00e9s autor d\u2019una s\u00e8rie de textos amb propostes est\u00e8tiques sobre literatura que argumenten les formes i els continguts de la seva poesia.<\/p>\n<p>Els poemes obreristes publicats per Llunas tenen caracter\u00edstiques pr\u00f2pies. D\u2019una banda, tenim una gran quantitat de poemes anticlericals, que aconseguien establir un enemic extern a la\u00a0classe a la qual pertanyien i configurar un clima d\u2019entesa amb altres classes\u00a0populars i moviments emancipadors. De l\u2019altra, trobem tamb\u00e9 una poesia obrera, espec\u00edficament dedicada a explicar l\u2019opressi\u00f3 de classe i a crear consci\u00e8ncia entre els obrers amb un\u00a0constant recurs a personatges esquem\u00e0tics que participen de continguts maniqueus en qu\u00e8 s\u00f3n retratats com a positius els obrers explotats i, com a negatius, els burgesos, que apareixen\u00a0caracteritzats com a perversos.<\/p>\n<\/div><\/section><\/p><\/div>\n","protected":false},"excerpt":{"rendered":"","protected":false},"author":1,"featured_media":256,"comment_status":"open","ping_status":"closed","template":"","meta":{"footnotes":""},"tags":[],"portfolio_entries":[3],"class_list":["post-71","portfolio","type-portfolio","status-publish","has-post-thumbnail","hentry","portfolio_entries-llibres"],"_links":{"self":[{"href":"https:\/\/aestudisreusencs.centrelectura.cat\/info\/wp-json\/wp\/v2\/portfolio\/71","targetHints":{"allow":["GET"]}}],"collection":[{"href":"https:\/\/aestudisreusencs.centrelectura.cat\/info\/wp-json\/wp\/v2\/portfolio"}],"about":[{"href":"https:\/\/aestudisreusencs.centrelectura.cat\/info\/wp-json\/wp\/v2\/types\/portfolio"}],"author":[{"embeddable":true,"href":"https:\/\/aestudisreusencs.centrelectura.cat\/info\/wp-json\/wp\/v2\/users\/1"}],"replies":[{"embeddable":true,"href":"https:\/\/aestudisreusencs.centrelectura.cat\/info\/wp-json\/wp\/v2\/comments?post=71"}],"version-history":[{"count":0,"href":"https:\/\/aestudisreusencs.centrelectura.cat\/info\/wp-json\/wp\/v2\/portfolio\/71\/revisions"}],"wp:featuredmedia":[{"embeddable":true,"href":"https:\/\/aestudisreusencs.centrelectura.cat\/info\/wp-json\/wp\/v2\/media\/256"}],"wp:attachment":[{"href":"https:\/\/aestudisreusencs.centrelectura.cat\/info\/wp-json\/wp\/v2\/media?parent=71"}],"wp:term":[{"taxonomy":"post_tag","embeddable":true,"href":"https:\/\/aestudisreusencs.centrelectura.cat\/info\/wp-json\/wp\/v2\/tags?post=71"},{"taxonomy":"portfolio_entries","embeddable":true,"href":"https:\/\/aestudisreusencs.centrelectura.cat\/info\/wp-json\/wp\/v2\/portfolio_entries?post=71"}],"curies":[{"name":"wp","href":"https:\/\/api.w.org\/{rel}","templated":true}]}}

Volum 132. La poesia obrerista de Josep Llunas. Jordi Martí Font. 2015

<style type="text/css" data-created_by="avia_inline_auto" id="style-css-av-av_one_half-352b07ef7d3bc99b2e9f92e7a9e06bdb">
.flex_column.av-av_one_half-352b07ef7d3bc99b2e9f92e7a9e06bdb{
border-radius:0px 0px 0px 0px;
padding:0px 0px 0px 0px;
}
</style>
<div  class='flex_column av-av_one_half-352b07ef7d3bc99b2e9f92e7a9e06bdb av_one_half  avia-builder-el-0  el_before_av_one_half  avia-builder-el-first  first flex_column_div av-zero-column-padding  '     ><p>
<style type="text/css" data-created_by="avia_inline_auto" id="style-css-av-av_heading-a3a0ba378125d03040c8e1fd7b4c775c">
#top .av-special-heading.av-av_heading-a3a0ba378125d03040c8e1fd7b4c775c{
padding-bottom:10px;
}
body .av-special-heading.av-av_heading-a3a0ba378125d03040c8e1fd7b4c775c .av-special-heading-tag .heading-char{
font-size:25px;
}
.av-special-heading.av-av_heading-a3a0ba378125d03040c8e1fd7b4c775c .av-subheading{
font-size:15px;
}
</style>
<div  class='av-special-heading av-av_heading-a3a0ba378125d03040c8e1fd7b4c775c av-special-heading-h3  avia-builder-el-1  el_before_av_textblock  avia-builder-el-first '><h3 class='av-special-heading-tag '  itemprop="headline"  >L’Autor</h3><div class="special-heading-border"><div class="special-heading-inner-border"></div></div></div><br />
<section  class='av_textblock_section av-av_textblock-0366cc7376be6c9e82a3e9cc8987b64f '   itemscope="itemscope" itemtype="https://schema.org/CreativeWork" ><div class='avia_textblock'  itemprop="text" ><p style="text-align: justify;"><strong>Jordi Martí Font</strong>. Vaig néixer a Tarragona el 1969 tot i que sóc de Marçà (al Priorat) i visc a la capital del Camp des de fa 25 anys, primer pels estudis universitaris i després per les feines i els treballs.</p>
<p style="text-align: justify;">Sóc llicenciat en Filologia Catalana per la URV i màster en crítica literària per aquesta mateixa universitat, alhora que tinc un segon màster de Filologia Catalana i estic a punt de presentar la meva tesi doctoral sobre Josep Llunas, La Tramontana i la literatura obrerista. He fet feines de corrector lingüístic, corrector d’estil, periodista i professor de Llengua, Literatura i Arts Escèniques a Secundària, amb algunes incursions en les feines de manobre, home de fer feines a casa meva i pagès, seguint la tradició familiar.</p>
<p style="text-align: justify;">He publicat els meus articles a més de setanta capçaleres (en paper i digitals) i alguns d’aquests han estat recollits en dos llibres, Ni Nadal ni Setmana Santa i Visions perifèriques de combat. També sóc autor de poemes i de diversos textos al voltant dels moviments anarquista i independentista en llibres col·lectius. Formo part de l’Editorial Lo Diable Gros i toco la guitarra i canto amb el grup Llunàtics, amb qui he publicat els enregistraments Caliquenyo Conexxxtion i Qui la ballarà. He fet ràdio a Ràdio Falset Independent (el programa Som uns pollastres) i a Tarragona Ràdio (Pelant canyes); ara col·laboro a Ràdio Terra. Sóc membre de molt diverses entitats anarquistes, independentistes i culturals a les comarques del Camp de Tarragona, entre les quals destaco l’Ateneu Llibertari Alomà, la CGT, la CUP, el Col·lectiu Independentista del Priorat i Tarragona Patrimoni de la Pau.</p>
</div></section></p></div>

<style type="text/css" data-created_by="avia_inline_auto" id="style-css-av-av_one_half-2a64de42b738552fe666ca889af77e28">
.flex_column.av-av_one_half-2a64de42b738552fe666ca889af77e28{
border-radius:0px 0px 0px 0px;
padding:0px 0px 0px 0px;
}
</style>
<div  class='flex_column av-av_one_half-2a64de42b738552fe666ca889af77e28 av_one_half  avia-builder-el-3  el_after_av_one_half  avia-builder-el-last  flex_column_div av-zero-column-padding  '     ><p>
<style type="text/css" data-created_by="avia_inline_auto" id="style-css-av-av_heading-d5f87b173139e45bdc740ab0d1af436c">
#top .av-special-heading.av-av_heading-d5f87b173139e45bdc740ab0d1af436c{
padding-bottom:10px;
}
body .av-special-heading.av-av_heading-d5f87b173139e45bdc740ab0d1af436c .av-special-heading-tag .heading-char{
font-size:25px;
}
.av-special-heading.av-av_heading-d5f87b173139e45bdc740ab0d1af436c .av-subheading{
font-size:15px;
}
</style>
<div  class='av-special-heading av-av_heading-d5f87b173139e45bdc740ab0d1af436c av-special-heading-h3  avia-builder-el-4  el_before_av_textblock  avia-builder-el-first '><h3 class='av-special-heading-tag '  itemprop="headline"  >Sinopsi</h3><div class="special-heading-border"><div class="special-heading-inner-border"></div></div></div><br />
<section  class='av_textblock_section av-av_textblock-0366cc7376be6c9e82a3e9cc8987b64f '   itemscope="itemscope" itemtype="https://schema.org/CreativeWork" ><div class='avia_textblock'  itemprop="text" ><p style="text-align: justify;"><strong>Josep Llunas i Pujals</strong> va ser un destacat intel·lectual i militant anarquista català del segle XIX, un dels principals teòrics de l’obrerisme anarcocol·lectivista de tot l’Estat, poeta i alhora periodista i creador del setmanari <em>La Tramontana</em>, una de les publicacions anarquistes més populars del segle XIX a l’Estat espanyol.</p>
<p style="text-align: justify;">Reusenc de naixement, als deu anys marxà a Barcelona i fou allí on, a través de la seva feina com a tipògraf, s’integrà en els ambients progressistes i llibertaris de la capital. Entre 1870 i 1896, tingué destacats càrrecs en les dues grans organitzacions obreres internacionalistes, la FRE de l’AIT i la FTRE. Després del Procés de Montjuïc, deixà la militància obrera i passà a ser un dels fundadors del periodisme esportiu a tot l’Estat. La producció poètica de Llunas es troba bàsicament a les pàgines de <em>La Tramontana</em>,tot i que també publicà un poema llarg dedicat a la Comuna de París en forma de llibre independent, <em>La Revolució</em>. Alhora, és autor d’una sèrie de textos amb propostes estètiques sobre literatura que argumenten les formes i els continguts de la seva poesia.</p>
<p>Els poemes obreristes publicats per Llunas tenen característiques pròpies. D’una banda, tenim una gran quantitat de poemes anticlericals, que aconseguien establir un enemic extern a la classe a la qual pertanyien i configurar un clima d’entesa amb altres classes populars i moviments emancipadors. De l’altra, trobem també una poesia obrera, específicament dedicada a explicar l’opressió de classe i a crear consciència entre els obrers amb un constant recurs a personatges esquemàtics que participen de continguts maniqueus en què són retratats com a positius els obrers explotats i, com a negatius, els burgesos, que apareixen caracteritzats com a perversos.</p>
</div></section></p></div>
