{"id":73,"date":"2015-08-24T10:37:18","date_gmt":"2015-08-24T10:37:18","guid":{"rendered":"http:\/\/aestudisreusencs.centrelectura.cat\/info\/?post_type=portfolio&#038;p=73"},"modified":"2022-04-27T17:12:24","modified_gmt":"2022-04-27T15:12:24","slug":"volum-133-eduard-toda-i-guell-la-passio-per-la-cultura-jordina-gort-oliver-2015","status":"publish","type":"portfolio","link":"https:\/\/aestudisreusencs.centrelectura.cat\/info\/portfolio-item\/volum-133-eduard-toda-i-guell-la-passio-per-la-cultura-jordina-gort-oliver-2015\/","title":{"rendered":"Volum 133. Eduard Toda i G\u00fcell, la passi\u00f3 per la cultura. Jordina Gort Oliver. 2015"},"content":{"rendered":"\n<style type=\"text\/css\" data-created_by=\"avia_inline_auto\" id=\"style-css-av-av_one_half-352b07ef7d3bc99b2e9f92e7a9e06bdb\">\n.flex_column.av-av_one_half-352b07ef7d3bc99b2e9f92e7a9e06bdb{\nborder-radius:0px 0px 0px 0px;\npadding:0px 0px 0px 0px;\n}\n<\/style>\n<div  class='flex_column av-av_one_half-352b07ef7d3bc99b2e9f92e7a9e06bdb av_one_half  avia-builder-el-0  el_before_av_one_half  avia-builder-el-first  first flex_column_div av-zero-column-padding  '     ><p>\n<style type=\"text\/css\" data-created_by=\"avia_inline_auto\" id=\"style-css-av-av_heading-a3a0ba378125d03040c8e1fd7b4c775c\">\n#top .av-special-heading.av-av_heading-a3a0ba378125d03040c8e1fd7b4c775c{\npadding-bottom:10px;\n}\nbody .av-special-heading.av-av_heading-a3a0ba378125d03040c8e1fd7b4c775c .av-special-heading-tag .heading-char{\nfont-size:25px;\n}\n.av-special-heading.av-av_heading-a3a0ba378125d03040c8e1fd7b4c775c .av-subheading{\nfont-size:15px;\n}\n<\/style>\n<div  class='av-special-heading av-av_heading-a3a0ba378125d03040c8e1fd7b4c775c av-special-heading-h3  avia-builder-el-1  el_before_av_textblock  avia-builder-el-first '><h3 class='av-special-heading-tag '  itemprop=\"headline\"  >L\u2019Autor<\/h3><div class=\"special-heading-border\"><div class=\"special-heading-inner-border\"><\/div><\/div><\/div><br \/>\n<section  class='av_textblock_section av-av_textblock-0366cc7376be6c9e82a3e9cc8987b64f '   itemscope=\"itemscope\" itemtype=\"https:\/\/schema.org\/CreativeWork\" ><div class='avia_textblock'  itemprop=\"text\" ><p style=\"text-align: justify;\"><strong>Jordina Gort Oliver<\/strong> (Reus, 1974) \u00e9s doctora en Filologia Catalana per la Universitat de Barcelona (2012). Ha col\u00b7laborat amb el Grup d\u2019Estudi sobre la Literatura del Vuit-cents, amb el treball \u201cJosep G\u00fcell i Mercader, mestre de Joaquim M. Bartrina, Josep Mart\u00ed i Folguera, Antoni Gaud\u00ed i Eduard Toda\u201d, per al simposi <em>Josep G\u00fcell i Mercader: Per l\u2019amor al progr\u00e9s<\/em> (2007).<\/p>\n<p style=\"text-align: justify;\">Ha publicat articles en diverses revistes i publicacions especialitzades que se centren, b\u00e0sicament, en la literatura catalana del segle xix. Alguns dels autors sobre els quals ha investigat s\u00f3n Eduard Toda i G\u00fcell, objecte de la seva tesi doctoral, Narc\u00eds Oller, Josep G\u00fcell i Mercader, Joaquim M. Bartrina i Joan Oliver, entre d\u2019altres.<\/p>\n<\/div><\/section><\/p><\/div>\n\n<style type=\"text\/css\" data-created_by=\"avia_inline_auto\" id=\"style-css-av-av_one_half-2a64de42b738552fe666ca889af77e28\">\n.flex_column.av-av_one_half-2a64de42b738552fe666ca889af77e28{\nborder-radius:0px 0px 0px 0px;\npadding:0px 0px 0px 0px;\n}\n<\/style>\n<div  class='flex_column av-av_one_half-2a64de42b738552fe666ca889af77e28 av_one_half  avia-builder-el-3  el_after_av_one_half  avia-builder-el-last  flex_column_div av-zero-column-padding  '     ><p>\n<style type=\"text\/css\" data-created_by=\"avia_inline_auto\" id=\"style-css-av-av_heading-d5f87b173139e45bdc740ab0d1af436c\">\n#top .av-special-heading.av-av_heading-d5f87b173139e45bdc740ab0d1af436c{\npadding-bottom:10px;\n}\nbody .av-special-heading.av-av_heading-d5f87b173139e45bdc740ab0d1af436c .av-special-heading-tag .heading-char{\nfont-size:25px;\n}\n.av-special-heading.av-av_heading-d5f87b173139e45bdc740ab0d1af436c .av-subheading{\nfont-size:15px;\n}\n<\/style>\n<div  class='av-special-heading av-av_heading-d5f87b173139e45bdc740ab0d1af436c av-special-heading-h3  avia-builder-el-4  el_before_av_textblock  avia-builder-el-first '><h3 class='av-special-heading-tag '  itemprop=\"headline\"  >Sinopsi<\/h3><div class=\"special-heading-border\"><div class=\"special-heading-inner-border\"><\/div><\/div><\/div><br \/>\n<section  class='av_textblock_section av-av_textblock-0366cc7376be6c9e82a3e9cc8987b64f '   itemscope=\"itemscope\" itemtype=\"https:\/\/schema.org\/CreativeWork\" ><div class='avia_textblock'  itemprop=\"text\" ><p style=\"text-align: justify;\">Aquest llibre se centra en la figura del diplom\u00e0tic i escriptor reusenc<strong> Eduard Toda i G\u00fcell<\/strong>. L\u2019objectiu primordial d\u2019aquest estudi \u00e9s el de definir el pensament, l\u2019estil d\u2019escriptura i les influ\u00e8ncies ideol\u00f2giques i liter\u00e0ries del personatge a partir de l\u2019an\u00e0lisi dels seus textos, per\u00f2 tamb\u00e9 a trav\u00e9s de la seva obra humana, les seves relacions, els seus viatges \u2013paratges tan llunyans i desconeguts al segle XIX com la Xina i Egipte\u2013 i les seves implicacions en el camp pol\u00edtic, social i cultural del pa\u00eds.<\/p>\n<p style=\"text-align: justify;\">Per aix\u00f2, s\u2019hi analitza l\u2019escriptura dels seus textos, discursos, articles i llibres, per\u00f2 tamb\u00e9 el seu epistolari, la creaci\u00f3 de la seva biblioteca i els seus donatius de llibres i col\u2022leccions a diferents biblioteques i arxius, la selecci\u00f3 dels llibres que va adquirir i les possibles lectures que van formar el seu pensament.<\/p>\n<p style=\"text-align: justify;\">En l\u2019an\u00e0lisi de l\u2019obra s\u2019estudia, principalment, el sentit final de cada llibre i del conjunt de la seva obra. L\u2019estudi estableix el per qu\u00e8, la metodologia, la recepci\u00f3 i el valor dels llibres i articles que va escriure. Mostra la finalitat dels seus escrits i tamb\u00e9 de tota aquella obra material i espiritual que no forma part de l\u2019escriptura \u2013\u00e9s el cas de la restauraci\u00f3 arquitect\u00f2nica de monuments com la del monestir de Santa Maria de Poblet\u2013 per\u00f2 que tamb\u00e9 constitueix la seva obra global. En definitiva, l\u2019estudi vol fixar la base del seu pensament per entendre millor el personatge i descobrir quin va ser el motor que va generar una personalitat tan poli\u00e8drica i l\u2019energia i la passi\u00f3 que van impulsar cada projecte i cada acci\u00f3 de la seva vida.<\/p>\n<\/div><\/section><\/p><\/div>\n","protected":false},"excerpt":{"rendered":"","protected":false},"author":1,"featured_media":255,"comment_status":"open","ping_status":"closed","template":"","meta":{"footnotes":""},"tags":[],"portfolio_entries":[3],"class_list":["post-73","portfolio","type-portfolio","status-publish","has-post-thumbnail","hentry","portfolio_entries-llibres"],"_links":{"self":[{"href":"https:\/\/aestudisreusencs.centrelectura.cat\/info\/wp-json\/wp\/v2\/portfolio\/73","targetHints":{"allow":["GET"]}}],"collection":[{"href":"https:\/\/aestudisreusencs.centrelectura.cat\/info\/wp-json\/wp\/v2\/portfolio"}],"about":[{"href":"https:\/\/aestudisreusencs.centrelectura.cat\/info\/wp-json\/wp\/v2\/types\/portfolio"}],"author":[{"embeddable":true,"href":"https:\/\/aestudisreusencs.centrelectura.cat\/info\/wp-json\/wp\/v2\/users\/1"}],"replies":[{"embeddable":true,"href":"https:\/\/aestudisreusencs.centrelectura.cat\/info\/wp-json\/wp\/v2\/comments?post=73"}],"version-history":[{"count":1,"href":"https:\/\/aestudisreusencs.centrelectura.cat\/info\/wp-json\/wp\/v2\/portfolio\/73\/revisions"}],"predecessor-version":[{"id":373,"href":"https:\/\/aestudisreusencs.centrelectura.cat\/info\/wp-json\/wp\/v2\/portfolio\/73\/revisions\/373"}],"wp:featuredmedia":[{"embeddable":true,"href":"https:\/\/aestudisreusencs.centrelectura.cat\/info\/wp-json\/wp\/v2\/media\/255"}],"wp:attachment":[{"href":"https:\/\/aestudisreusencs.centrelectura.cat\/info\/wp-json\/wp\/v2\/media?parent=73"}],"wp:term":[{"taxonomy":"post_tag","embeddable":true,"href":"https:\/\/aestudisreusencs.centrelectura.cat\/info\/wp-json\/wp\/v2\/tags?post=73"},{"taxonomy":"portfolio_entries","embeddable":true,"href":"https:\/\/aestudisreusencs.centrelectura.cat\/info\/wp-json\/wp\/v2\/portfolio_entries?post=73"}],"curies":[{"name":"wp","href":"https:\/\/api.w.org\/{rel}","templated":true}]}}

Volum 133. Eduard Toda i Güell, la passió per la cultura. Jordina Gort Oliver. 2015

<style type="text/css" data-created_by="avia_inline_auto" id="style-css-av-av_one_half-352b07ef7d3bc99b2e9f92e7a9e06bdb">
.flex_column.av-av_one_half-352b07ef7d3bc99b2e9f92e7a9e06bdb{
border-radius:0px 0px 0px 0px;
padding:0px 0px 0px 0px;
}
</style>
<div  class='flex_column av-av_one_half-352b07ef7d3bc99b2e9f92e7a9e06bdb av_one_half  avia-builder-el-0  el_before_av_one_half  avia-builder-el-first  first flex_column_div av-zero-column-padding  '     ><p>
<style type="text/css" data-created_by="avia_inline_auto" id="style-css-av-av_heading-a3a0ba378125d03040c8e1fd7b4c775c">
#top .av-special-heading.av-av_heading-a3a0ba378125d03040c8e1fd7b4c775c{
padding-bottom:10px;
}
body .av-special-heading.av-av_heading-a3a0ba378125d03040c8e1fd7b4c775c .av-special-heading-tag .heading-char{
font-size:25px;
}
.av-special-heading.av-av_heading-a3a0ba378125d03040c8e1fd7b4c775c .av-subheading{
font-size:15px;
}
</style>
<div  class='av-special-heading av-av_heading-a3a0ba378125d03040c8e1fd7b4c775c av-special-heading-h3  avia-builder-el-1  el_before_av_textblock  avia-builder-el-first '><h3 class='av-special-heading-tag '  itemprop="headline"  >L’Autor</h3><div class="special-heading-border"><div class="special-heading-inner-border"></div></div></div><br />
<section  class='av_textblock_section av-av_textblock-0366cc7376be6c9e82a3e9cc8987b64f '   itemscope="itemscope" itemtype="https://schema.org/CreativeWork" ><div class='avia_textblock'  itemprop="text" ><p style="text-align: justify;"><strong>Jordina Gort Oliver</strong> (Reus, 1974) és doctora en Filologia Catalana per la Universitat de Barcelona (2012). Ha col·laborat amb el Grup d’Estudi sobre la Literatura del Vuit-cents, amb el treball “Josep Güell i Mercader, mestre de Joaquim M. Bartrina, Josep Martí i Folguera, Antoni Gaudí i Eduard Toda”, per al simposi <em>Josep Güell i Mercader: Per l’amor al progrés</em> (2007).</p>
<p style="text-align: justify;">Ha publicat articles en diverses revistes i publicacions especialitzades que se centren, bàsicament, en la literatura catalana del segle xix. Alguns dels autors sobre els quals ha investigat són Eduard Toda i Güell, objecte de la seva tesi doctoral, Narcís Oller, Josep Güell i Mercader, Joaquim M. Bartrina i Joan Oliver, entre d’altres.</p>
</div></section></p></div>

<style type="text/css" data-created_by="avia_inline_auto" id="style-css-av-av_one_half-2a64de42b738552fe666ca889af77e28">
.flex_column.av-av_one_half-2a64de42b738552fe666ca889af77e28{
border-radius:0px 0px 0px 0px;
padding:0px 0px 0px 0px;
}
</style>
<div  class='flex_column av-av_one_half-2a64de42b738552fe666ca889af77e28 av_one_half  avia-builder-el-3  el_after_av_one_half  avia-builder-el-last  flex_column_div av-zero-column-padding  '     ><p>
<style type="text/css" data-created_by="avia_inline_auto" id="style-css-av-av_heading-d5f87b173139e45bdc740ab0d1af436c">
#top .av-special-heading.av-av_heading-d5f87b173139e45bdc740ab0d1af436c{
padding-bottom:10px;
}
body .av-special-heading.av-av_heading-d5f87b173139e45bdc740ab0d1af436c .av-special-heading-tag .heading-char{
font-size:25px;
}
.av-special-heading.av-av_heading-d5f87b173139e45bdc740ab0d1af436c .av-subheading{
font-size:15px;
}
</style>
<div  class='av-special-heading av-av_heading-d5f87b173139e45bdc740ab0d1af436c av-special-heading-h3  avia-builder-el-4  el_before_av_textblock  avia-builder-el-first '><h3 class='av-special-heading-tag '  itemprop="headline"  >Sinopsi</h3><div class="special-heading-border"><div class="special-heading-inner-border"></div></div></div><br />
<section  class='av_textblock_section av-av_textblock-0366cc7376be6c9e82a3e9cc8987b64f '   itemscope="itemscope" itemtype="https://schema.org/CreativeWork" ><div class='avia_textblock'  itemprop="text" ><p style="text-align: justify;">Aquest llibre se centra en la figura del diplomàtic i escriptor reusenc<strong> Eduard Toda i Güell</strong>. L’objectiu primordial d’aquest estudi és el de definir el pensament, l’estil d’escriptura i les influències ideològiques i literàries del personatge a partir de l’anàlisi dels seus textos, però també a través de la seva obra humana, les seves relacions, els seus viatges –paratges tan llunyans i desconeguts al segle XIX com la Xina i Egipte– i les seves implicacions en el camp polític, social i cultural del país.</p>
<p style="text-align: justify;">Per això, s’hi analitza l’escriptura dels seus textos, discursos, articles i llibres, però també el seu epistolari, la creació de la seva biblioteca i els seus donatius de llibres i col•leccions a diferents biblioteques i arxius, la selecció dels llibres que va adquirir i les possibles lectures que van formar el seu pensament.</p>
<p style="text-align: justify;">En l’anàlisi de l’obra s’estudia, principalment, el sentit final de cada llibre i del conjunt de la seva obra. L’estudi estableix el per què, la metodologia, la recepció i el valor dels llibres i articles que va escriure. Mostra la finalitat dels seus escrits i també de tota aquella obra material i espiritual que no forma part de l’escriptura –és el cas de la restauració arquitectònica de monuments com la del monestir de Santa Maria de Poblet– però que també constitueix la seva obra global. En definitiva, l’estudi vol fixar la base del seu pensament per entendre millor el personatge i descobrir quin va ser el motor que va generar una personalitat tan polièdrica i l’energia i la passió que van impulsar cada projecte i cada acció de la seva vida.</p>
</div></section></p></div>
